{"id":5804,"date":"2022-03-22T14:47:14","date_gmt":"2022-03-22T14:47:14","guid":{"rendered":"https:\/\/ampans.cat\/professionals\/"},"modified":"2024-07-09T12:56:40","modified_gmt":"2024-07-09T10:56:40","slug":"profesionales","status":"publish","type":"page","link":"https:\/\/ampans.cat\/es\/formacion-recursos\/profesionales\/","title":{"rendered":"Recursos a profesionales"},"content":{"rendered":"","protected":false},"excerpt":{"rendered":"","protected":false},"author":16,"featured_media":2818,"parent":3631,"menu_order":0,"comment_status":"closed","ping_status":"closed","template":"template\/d-suports-sub-page.php","meta":{"_acf_changed":false,"inline_featured_image":false,"footnotes":""},"tipus_de_pagina":[],"ambits_principals":[133],"edat":[],"situacio_laboral":[],"tipus_formacio":[],"itineraris":[],"class_list":["post-5804","page","type-page","status-publish","has-post-thumbnail","hentry","ambits_principals-divulgacio-i-coneixement-es"],"acf":[],"yoast_head":"<!-- This site is optimized with the Yoast SEO plugin v27.4 - https:\/\/yoast.com\/product\/yoast-seo-wordpress\/ -->\n<title>Recursos para Profesionales Atenci\u00f3n a la Diversidad<\/title>\n<meta name=\"description\" content=\"Impulsamos cursos y jornadas de formaci\u00f3n para profesionales de atenci\u00f3n directa, sanidad y ense\u00f1anza para la atenci\u00f3n a la diversidad \u00a1Inf\u00f3rmate!\" \/>\n<meta name=\"robots\" content=\"index, follow, max-snippet:-1, max-image-preview:large, max-video-preview:-1\" \/>\n<link rel=\"canonical\" href=\"https:\/\/ampans.cat\/es\/formacion-recursos\/profesionales\/\" \/>\n<meta property=\"og:locale\" content=\"es_ES\" \/>\n<meta property=\"og:type\" content=\"article\" \/>\n<meta property=\"og:title\" content=\"Recursos para Profesionales Atenci\u00f3n a la Diversidad\" \/>\n<meta property=\"og:description\" content=\"Impulsamos cursos y jornadas de formaci\u00f3n para profesionales de atenci\u00f3n directa, sanidad y ense\u00f1anza para la atenci\u00f3n a la diversidad \u00a1Inf\u00f3rmate!\" \/>\n<meta property=\"og:url\" content=\"https:\/\/ampans.cat\/es\/formacion-recursos\/profesionales\/\" \/>\n<meta property=\"og:site_name\" content=\"AMPANS\" \/>\n<meta property=\"article:modified_time\" content=\"2024-07-09T10:56:40+00:00\" \/>\n<meta property=\"og:image\" content=\"https:\/\/ampans.cat\/wp-content\/uploads\/2022\/03\/recursos-a-profesionales-ampans-scaled.jpg\" \/>\n\t<meta property=\"og:image:width\" content=\"2560\" \/>\n\t<meta property=\"og:image:height\" content=\"1596\" \/>\n\t<meta property=\"og:image:type\" content=\"image\/jpeg\" \/>\n<meta name=\"twitter:card\" content=\"summary_large_image\" \/>\n<meta name=\"twitter:label1\" content=\"Tiempo de lectura\" \/>\n\t<meta name=\"twitter:data1\" content=\"1 minuto\" \/>\n<script type=\"application\/ld+json\" class=\"yoast-schema-graph\">{\"@context\":\"https:\\\/\\\/schema.org\",\"@graph\":[{\"@type\":\"WebPage\",\"@id\":\"https:\\\/\\\/ampans.cat\\\/es\\\/formacion-recursos\\\/profesionales\\\/\",\"url\":\"https:\\\/\\\/ampans.cat\\\/es\\\/formacion-recursos\\\/profesionales\\\/\",\"name\":\"Recursos para Profesionales Atenci\u00f3n a la Diversidad\",\"isPartOf\":{\"@id\":\"https:\\\/\\\/ampans.cat\\\/es\\\/#website\"},\"primaryImageOfPage\":{\"@id\":\"https:\\\/\\\/ampans.cat\\\/es\\\/formacion-recursos\\\/profesionales\\\/#primaryimage\"},\"image\":{\"@id\":\"https:\\\/\\\/ampans.cat\\\/es\\\/formacion-recursos\\\/profesionales\\\/#primaryimage\"},\"thumbnailUrl\":\"https:\\\/\\\/ampans.cat\\\/wp-content\\\/uploads\\\/2022\\\/03\\\/recursos-a-profesionales-ampans-scaled.jpg\",\"datePublished\":\"2022-03-22T14:47:14+00:00\",\"dateModified\":\"2024-07-09T10:56:40+00:00\",\"description\":\"Impulsamos cursos y jornadas de formaci\u00f3n para profesionales de atenci\u00f3n directa, sanidad y ense\u00f1anza para la atenci\u00f3n a la diversidad \u00a1Inf\u00f3rmate!\",\"breadcrumb\":{\"@id\":\"https:\\\/\\\/ampans.cat\\\/es\\\/formacion-recursos\\\/profesionales\\\/#breadcrumb\"},\"inLanguage\":\"es\",\"potentialAction\":[{\"@type\":\"ReadAction\",\"target\":[\"https:\\\/\\\/ampans.cat\\\/es\\\/formacion-recursos\\\/profesionales\\\/\"]}]},{\"@type\":\"ImageObject\",\"inLanguage\":\"es\",\"@id\":\"https:\\\/\\\/ampans.cat\\\/es\\\/formacion-recursos\\\/profesionales\\\/#primaryimage\",\"url\":\"https:\\\/\\\/ampans.cat\\\/wp-content\\\/uploads\\\/2022\\\/03\\\/recursos-a-profesionales-ampans-scaled.jpg\",\"contentUrl\":\"https:\\\/\\\/ampans.cat\\\/wp-content\\\/uploads\\\/2022\\\/03\\\/recursos-a-profesionales-ampans-scaled.jpg\",\"width\":2560,\"height\":1596,\"caption\":\"Recursos professionals\"},{\"@type\":\"BreadcrumbList\",\"@id\":\"https:\\\/\\\/ampans.cat\\\/es\\\/formacion-recursos\\\/profesionales\\\/#breadcrumb\",\"itemListElement\":[{\"@type\":\"ListItem\",\"position\":1,\"name\":\"Home\",\"item\":\"https:\\\/\\\/ampans.cat\\\/es\\\/\"},{\"@type\":\"ListItem\",\"position\":2,\"name\":\"Formaci\u00f3n y recursos\",\"item\":\"https:\\\/\\\/ampans.cat\\\/es\\\/formacion-recursos\\\/\"},{\"@type\":\"ListItem\",\"position\":3,\"name\":\"Recursos a profesionales\"}]},{\"@type\":\"WebSite\",\"@id\":\"https:\\\/\\\/ampans.cat\\\/es\\\/#website\",\"url\":\"https:\\\/\\\/ampans.cat\\\/es\\\/\",\"name\":\"AMPANS\",\"description\":\"\",\"publisher\":{\"@id\":\"https:\\\/\\\/ampans.cat\\\/es\\\/#organization\"},\"potentialAction\":[{\"@type\":\"SearchAction\",\"target\":{\"@type\":\"EntryPoint\",\"urlTemplate\":\"https:\\\/\\\/ampans.cat\\\/es\\\/?s={search_term_string}\"},\"query-input\":{\"@type\":\"PropertyValueSpecification\",\"valueRequired\":true,\"valueName\":\"search_term_string\"}}],\"inLanguage\":\"es\"},{\"@type\":\"Organization\",\"@id\":\"https:\\\/\\\/ampans.cat\\\/es\\\/#organization\",\"name\":\"AMPANS\",\"url\":\"https:\\\/\\\/ampans.cat\\\/es\\\/\",\"logo\":{\"@type\":\"ImageObject\",\"inLanguage\":\"es\",\"@id\":\"https:\\\/\\\/ampans.cat\\\/es\\\/#\\\/schema\\\/logo\\\/image\\\/\",\"url\":\"https:\\\/\\\/ampans.cat\\\/wp-content\\\/uploads\\\/2022\\\/06\\\/animat-ampans-big.gif\",\"contentUrl\":\"https:\\\/\\\/ampans.cat\\\/wp-content\\\/uploads\\\/2022\\\/06\\\/animat-ampans-big.gif\",\"width\":1200,\"height\":312,\"caption\":\"AMPANS\"},\"image\":{\"@id\":\"https:\\\/\\\/ampans.cat\\\/es\\\/#\\\/schema\\\/logo\\\/image\\\/\"}}]}<\/script>\n<!-- \/ Yoast SEO plugin. -->","yoast_head_json":{"title":"Recursos para Profesionales Atenci\u00f3n a la Diversidad","description":"Impulsamos cursos y jornadas de formaci\u00f3n para profesionales de atenci\u00f3n directa, sanidad y ense\u00f1anza para la atenci\u00f3n a la diversidad \u00a1Inf\u00f3rmate!","robots":{"index":"index","follow":"follow","max-snippet":"max-snippet:-1","max-image-preview":"max-image-preview:large","max-video-preview":"max-video-preview:-1"},"canonical":"https:\/\/ampans.cat\/es\/formacion-recursos\/profesionales\/","og_locale":"es_ES","og_type":"article","og_title":"Recursos para Profesionales Atenci\u00f3n a la Diversidad","og_description":"Impulsamos cursos y jornadas de formaci\u00f3n para profesionales de atenci\u00f3n directa, sanidad y ense\u00f1anza para la atenci\u00f3n a la diversidad \u00a1Inf\u00f3rmate!","og_url":"https:\/\/ampans.cat\/es\/formacion-recursos\/profesionales\/","og_site_name":"AMPANS","article_modified_time":"2024-07-09T10:56:40+00:00","og_image":[{"width":2560,"height":1596,"url":"https:\/\/ampans.cat\/wp-content\/uploads\/2022\/03\/recursos-a-profesionales-ampans-scaled.jpg","type":"image\/jpeg"}],"twitter_card":"summary_large_image","twitter_misc":{"Tiempo de lectura":"1 minuto"},"schema":{"@context":"https:\/\/schema.org","@graph":[{"@type":"WebPage","@id":"https:\/\/ampans.cat\/es\/formacion-recursos\/profesionales\/","url":"https:\/\/ampans.cat\/es\/formacion-recursos\/profesionales\/","name":"Recursos para Profesionales Atenci\u00f3n a la Diversidad","isPartOf":{"@id":"https:\/\/ampans.cat\/es\/#website"},"primaryImageOfPage":{"@id":"https:\/\/ampans.cat\/es\/formacion-recursos\/profesionales\/#primaryimage"},"image":{"@id":"https:\/\/ampans.cat\/es\/formacion-recursos\/profesionales\/#primaryimage"},"thumbnailUrl":"https:\/\/ampans.cat\/wp-content\/uploads\/2022\/03\/recursos-a-profesionales-ampans-scaled.jpg","datePublished":"2022-03-22T14:47:14+00:00","dateModified":"2024-07-09T10:56:40+00:00","description":"Impulsamos cursos y jornadas de formaci\u00f3n para profesionales de atenci\u00f3n directa, sanidad y ense\u00f1anza para la atenci\u00f3n a la diversidad \u00a1Inf\u00f3rmate!","breadcrumb":{"@id":"https:\/\/ampans.cat\/es\/formacion-recursos\/profesionales\/#breadcrumb"},"inLanguage":"es","potentialAction":[{"@type":"ReadAction","target":["https:\/\/ampans.cat\/es\/formacion-recursos\/profesionales\/"]}]},{"@type":"ImageObject","inLanguage":"es","@id":"https:\/\/ampans.cat\/es\/formacion-recursos\/profesionales\/#primaryimage","url":"https:\/\/ampans.cat\/wp-content\/uploads\/2022\/03\/recursos-a-profesionales-ampans-scaled.jpg","contentUrl":"https:\/\/ampans.cat\/wp-content\/uploads\/2022\/03\/recursos-a-profesionales-ampans-scaled.jpg","width":2560,"height":1596,"caption":"Recursos professionals"},{"@type":"BreadcrumbList","@id":"https:\/\/ampans.cat\/es\/formacion-recursos\/profesionales\/#breadcrumb","itemListElement":[{"@type":"ListItem","position":1,"name":"Home","item":"https:\/\/ampans.cat\/es\/"},{"@type":"ListItem","position":2,"name":"Formaci\u00f3n y recursos","item":"https:\/\/ampans.cat\/es\/formacion-recursos\/"},{"@type":"ListItem","position":3,"name":"Recursos a profesionales"}]},{"@type":"WebSite","@id":"https:\/\/ampans.cat\/es\/#website","url":"https:\/\/ampans.cat\/es\/","name":"AMPANS","description":"","publisher":{"@id":"https:\/\/ampans.cat\/es\/#organization"},"potentialAction":[{"@type":"SearchAction","target":{"@type":"EntryPoint","urlTemplate":"https:\/\/ampans.cat\/es\/?s={search_term_string}"},"query-input":{"@type":"PropertyValueSpecification","valueRequired":true,"valueName":"search_term_string"}}],"inLanguage":"es"},{"@type":"Organization","@id":"https:\/\/ampans.cat\/es\/#organization","name":"AMPANS","url":"https:\/\/ampans.cat\/es\/","logo":{"@type":"ImageObject","inLanguage":"es","@id":"https:\/\/ampans.cat\/es\/#\/schema\/logo\/image\/","url":"https:\/\/ampans.cat\/wp-content\/uploads\/2022\/06\/animat-ampans-big.gif","contentUrl":"https:\/\/ampans.cat\/wp-content\/uploads\/2022\/06\/animat-ampans-big.gif","width":1200,"height":312,"caption":"AMPANS"},"image":{"@id":"https:\/\/ampans.cat\/es\/#\/schema\/logo\/image\/"}}]}},"_links":{"self":[{"href":"https:\/\/ampans.cat\/es\/wp-json\/wp\/v2\/pages\/5804","targetHints":{"allow":["GET"]}}],"collection":[{"href":"https:\/\/ampans.cat\/es\/wp-json\/wp\/v2\/pages"}],"about":[{"href":"https:\/\/ampans.cat\/es\/wp-json\/wp\/v2\/types\/page"}],"author":[{"embeddable":true,"href":"https:\/\/ampans.cat\/es\/wp-json\/wp\/v2\/users\/16"}],"replies":[{"embeddable":true,"href":"https:\/\/ampans.cat\/es\/wp-json\/wp\/v2\/comments?post=5804"}],"version-history":[{"count":11,"href":"https:\/\/ampans.cat\/es\/wp-json\/wp\/v2\/pages\/5804\/revisions"}],"predecessor-version":[{"id":25371,"href":"https:\/\/ampans.cat\/es\/wp-json\/wp\/v2\/pages\/5804\/revisions\/25371"}],"up":[{"embeddable":true,"href":"https:\/\/ampans.cat\/es\/wp-json\/wp\/v2\/pages\/3631"}],"wp:featuredmedia":[{"embeddable":true,"href":"https:\/\/ampans.cat\/es\/wp-json\/wp\/v2\/media\/2818"}],"wp:attachment":[{"href":"https:\/\/ampans.cat\/es\/wp-json\/wp\/v2\/media?parent=5804"}],"wp:term":[{"taxonomy":"tipus_de_pagina","embeddable":true,"href":"https:\/\/ampans.cat\/es\/wp-json\/wp\/v2\/tipus_de_pagina?post=5804"},{"taxonomy":"ambits_principals","embeddable":true,"href":"https:\/\/ampans.cat\/es\/wp-json\/wp\/v2\/ambits_principals?post=5804"},{"taxonomy":"edat","embeddable":true,"href":"https:\/\/ampans.cat\/es\/wp-json\/wp\/v2\/edat?post=5804"},{"taxonomy":"situacio_laboral","embeddable":true,"href":"https:\/\/ampans.cat\/es\/wp-json\/wp\/v2\/situacio_laboral?post=5804"},{"taxonomy":"tipus_formacio","embeddable":true,"href":"https:\/\/ampans.cat\/es\/wp-json\/wp\/v2\/tipus_formacio?post=5804"},{"taxonomy":"itineraris","embeddable":true,"href":"https:\/\/ampans.cat\/es\/wp-json\/wp\/v2\/itineraris?post=5804"}],"curies":[{"name":"wp","href":"https:\/\/api.w.org\/{rel}","templated":true}]}}

<!-- This site is optimized with the Yoast SEO plugin v27.4 - https://yoast.com/product/yoast-seo-wordpress/ -->
<title>Recursos para Profesionales Atención a la Diversidad</title>
<meta name="description" content="Impulsamos cursos y jornadas de formación para profesionales de atención directa, sanidad y enseñanza para la atención a la diversidad ¡Infórmate!" />
<meta name="robots" content="index, follow, max-snippet:-1, max-image-preview:large, max-video-preview:-1" />
<link rel="canonical" href="https://ampans.cat/es/formacion-recursos/profesionales/" />
<meta property="og:locale" content="es_ES" />
<meta property="og:type" content="article" />
<meta property="og:title" content="Recursos para Profesionales Atención a la Diversidad" />
<meta property="og:description" content="Impulsamos cursos y jornadas de formación para profesionales de atención directa, sanidad y enseñanza para la atención a la diversidad ¡Infórmate!" />
<meta property="og:url" content="https://ampans.cat/es/formacion-recursos/profesionales/" />
<meta property="og:site_name" content="AMPANS" />
<meta property="article:modified_time" content="2024-07-09T10:56:40+00:00" />
<meta property="og:image" content="https://ampans.cat/wp-content/uploads/2022/03/recursos-a-profesionales-ampans-scaled.jpg" />
	<meta property="og:image:width" content="2560" />
	<meta property="og:image:height" content="1596" />
	<meta property="og:image:type" content="image/jpeg" />
<meta name="twitter:card" content="summary_large_image" />
<meta name="twitter:label1" content="Tiempo de lectura" />
	<meta name="twitter:data1" content="1 minuto" />
<script type="application/ld+json" class="yoast-schema-graph">{"@context":"https:\/\/schema.org","@graph":[{"@type":"WebPage","@id":"https:\/\/ampans.cat\/es\/formacion-recursos\/profesionales\/","url":"https:\/\/ampans.cat\/es\/formacion-recursos\/profesionales\/","name":"Recursos para Profesionales Atención a la Diversidad","isPartOf":{"@id":"https:\/\/ampans.cat\/es\/#website"},"primaryImageOfPage":{"@id":"https:\/\/ampans.cat\/es\/formacion-recursos\/profesionales\/#primaryimage"},"image":{"@id":"https:\/\/ampans.cat\/es\/formacion-recursos\/profesionales\/#primaryimage"},"thumbnailUrl":"https:\/\/ampans.cat\/wp-content\/uploads\/2022\/03\/recursos-a-profesionales-ampans-scaled.jpg","datePublished":"2022-03-22T14:47:14+00:00","dateModified":"2024-07-09T10:56:40+00:00","description":"Impulsamos cursos y jornadas de formación para profesionales de atención directa, sanidad y enseñanza para la atención a la diversidad ¡Infórmate!","breadcrumb":{"@id":"https:\/\/ampans.cat\/es\/formacion-recursos\/profesionales\/#breadcrumb"},"inLanguage":"es","potentialAction":[{"@type":"ReadAction","target":["https:\/\/ampans.cat\/es\/formacion-recursos\/profesionales\/"]}]},{"@type":"ImageObject","inLanguage":"es","@id":"https:\/\/ampans.cat\/es\/formacion-recursos\/profesionales\/#primaryimage","url":"https:\/\/ampans.cat\/wp-content\/uploads\/2022\/03\/recursos-a-profesionales-ampans-scaled.jpg","contentUrl":"https:\/\/ampans.cat\/wp-content\/uploads\/2022\/03\/recursos-a-profesionales-ampans-scaled.jpg","width":2560,"height":1596,"caption":"Recursos professionals"},{"@type":"BreadcrumbList","@id":"https:\/\/ampans.cat\/es\/formacion-recursos\/profesionales\/#breadcrumb","itemListElement":[{"@type":"ListItem","position":1,"name":"Home","item":"https:\/\/ampans.cat\/es\/"},{"@type":"ListItem","position":2,"name":"Formación y recursos","item":"https:\/\/ampans.cat\/es\/formacion-recursos\/"},{"@type":"ListItem","position":3,"name":"Recursos a profesionales"}]},{"@type":"WebSite","@id":"https:\/\/ampans.cat\/es\/#website","url":"https:\/\/ampans.cat\/es\/","name":"AMPANS","description":"","publisher":{"@id":"https:\/\/ampans.cat\/es\/#organization"},"potentialAction":[{"@type":"SearchAction","target":{"@type":"EntryPoint","urlTemplate":"https:\/\/ampans.cat\/es\/?s={search_term_string}"},"query-input":{"@type":"PropertyValueSpecification","valueRequired":true,"valueName":"search_term_string"}}],"inLanguage":"es"},{"@type":"Organization","@id":"https:\/\/ampans.cat\/es\/#organization","name":"AMPANS","url":"https:\/\/ampans.cat\/es\/","logo":{"@type":"ImageObject","inLanguage":"es","@id":"https:\/\/ampans.cat\/es\/#\/schema\/logo\/image\/","url":"https:\/\/ampans.cat\/wp-content\/uploads\/2022\/06\/animat-ampans-big.gif","contentUrl":"https:\/\/ampans.cat\/wp-content\/uploads\/2022\/06\/animat-ampans-big.gif","width":1200,"height":312,"caption":"AMPANS"},"image":{"@id":"https:\/\/ampans.cat\/es\/#\/schema\/logo\/image\/"}}]}</script>
<!-- / Yoast SEO plugin. -->

Recursos para Profesionales Atención a la Diversidad

Impulsamos cursos y jornadas de formación para profesionales de atención directa, sanidad y enseñanza para la atención a la diversidad ¡Infórmate!

Formación y recursos
