{"id":5623,"date":"2022-03-07T17:37:31","date_gmt":"2022-03-07T17:37:31","guid":{"rendered":"https:\/\/ampans.cat\/atencion-diurna\/centre-dia\/"},"modified":"2024-07-09T12:46:45","modified_gmt":"2024-07-09T10:46:45","slug":"centro-dia","status":"publish","type":"page","link":"https:\/\/ampans.cat\/es\/atencion-diurna\/centro-dia\/","title":{"rendered":"Centro de d\u00eda"},"content":{"rendered":"","protected":false},"excerpt":{"rendered":"","protected":false},"author":16,"featured_media":1207,"parent":1037,"menu_order":0,"comment_status":"closed","ping_status":"closed","template":"template\/d-suports-sub-page.php","meta":{"_acf_changed":false,"inline_featured_image":false,"footnotes":""},"tipus_de_pagina":[],"ambits_principals":[131],"edat":[],"situacio_laboral":[],"tipus_formacio":[],"itineraris":[],"class_list":["post-5623","page","type-page","status-publish","has-post-thumbnail","hentry","ambits_principals-suport-i-acompanyament-es"],"acf":[],"yoast_head":"<!-- This site is optimized with the Yoast SEO plugin v27.4 - https:\/\/yoast.com\/product\/yoast-seo-wordpress\/ -->\n<title>Centros de D\u00eda para Personas con Discapacidad<\/title>\n<meta name=\"description\" content=\"Conoce nuestro centro diurno para el acompa\u00f1amiento, apoyo y atenci\u00f3n continuada de personas con discapacidad mediante actividades y talleres \u00a1Inf\u00f3rmate!\" \/>\n<meta name=\"robots\" content=\"index, follow, max-snippet:-1, max-image-preview:large, max-video-preview:-1\" \/>\n<link rel=\"canonical\" href=\"https:\/\/ampans.cat\/es\/atencion-diurna\/centro-dia\/\" \/>\n<meta property=\"og:locale\" content=\"es_ES\" \/>\n<meta property=\"og:type\" content=\"article\" \/>\n<meta property=\"og:title\" content=\"Centros de D\u00eda para Personas con Discapacidad\" \/>\n<meta property=\"og:description\" content=\"Conoce nuestro centro diurno para el acompa\u00f1amiento, apoyo y atenci\u00f3n continuada de personas con discapacidad mediante actividades y talleres \u00a1Inf\u00f3rmate!\" \/>\n<meta property=\"og:url\" content=\"https:\/\/ampans.cat\/es\/atencion-diurna\/centro-dia\/\" \/>\n<meta property=\"og:site_name\" content=\"AMPANS\" \/>\n<meta property=\"article:modified_time\" content=\"2024-07-09T10:46:45+00:00\" \/>\n<meta property=\"og:image\" content=\"https:\/\/ampans.cat\/wp-content\/uploads\/2022\/03\/actividades-talleres-centro-dia-discapacidad-.png\" \/>\n\t<meta property=\"og:image:width\" content=\"2002\" \/>\n\t<meta property=\"og:image:height\" content=\"989\" \/>\n\t<meta property=\"og:image:type\" content=\"image\/png\" \/>\n<meta name=\"twitter:card\" content=\"summary_large_image\" \/>\n<meta name=\"twitter:label1\" content=\"Tiempo de lectura\" \/>\n\t<meta name=\"twitter:data1\" content=\"1 minuto\" \/>\n<script type=\"application\/ld+json\" class=\"yoast-schema-graph\">{\"@context\":\"https:\\\/\\\/schema.org\",\"@graph\":[{\"@type\":\"WebPage\",\"@id\":\"https:\\\/\\\/ampans.cat\\\/es\\\/atencion-diurna\\\/centro-dia\\\/\",\"url\":\"https:\\\/\\\/ampans.cat\\\/es\\\/atencion-diurna\\\/centro-dia\\\/\",\"name\":\"Centros de D\u00eda para Personas con Discapacidad\",\"isPartOf\":{\"@id\":\"https:\\\/\\\/ampans.cat\\\/es\\\/#website\"},\"primaryImageOfPage\":{\"@id\":\"https:\\\/\\\/ampans.cat\\\/es\\\/atencion-diurna\\\/centro-dia\\\/#primaryimage\"},\"image\":{\"@id\":\"https:\\\/\\\/ampans.cat\\\/es\\\/atencion-diurna\\\/centro-dia\\\/#primaryimage\"},\"thumbnailUrl\":\"https:\\\/\\\/ampans.cat\\\/wp-content\\\/uploads\\\/2022\\\/03\\\/actividades-talleres-centro-dia-discapacidad-.png\",\"datePublished\":\"2022-03-07T17:37:31+00:00\",\"dateModified\":\"2024-07-09T10:46:45+00:00\",\"description\":\"Conoce nuestro centro diurno para el acompa\u00f1amiento, apoyo y atenci\u00f3n continuada de personas con discapacidad mediante actividades y talleres \u00a1Inf\u00f3rmate!\",\"breadcrumb\":{\"@id\":\"https:\\\/\\\/ampans.cat\\\/es\\\/atencion-diurna\\\/centro-dia\\\/#breadcrumb\"},\"inLanguage\":\"es\",\"potentialAction\":[{\"@type\":\"ReadAction\",\"target\":[\"https:\\\/\\\/ampans.cat\\\/es\\\/atencion-diurna\\\/centro-dia\\\/\"]}]},{\"@type\":\"ImageObject\",\"inLanguage\":\"es\",\"@id\":\"https:\\\/\\\/ampans.cat\\\/es\\\/atencion-diurna\\\/centro-dia\\\/#primaryimage\",\"url\":\"https:\\\/\\\/ampans.cat\\\/wp-content\\\/uploads\\\/2022\\\/03\\\/actividades-talleres-centro-dia-discapacidad-.png\",\"contentUrl\":\"https:\\\/\\\/ampans.cat\\\/wp-content\\\/uploads\\\/2022\\\/03\\\/actividades-talleres-centro-dia-discapacidad-.png\",\"width\":2002,\"height\":989,\"caption\":\"Activitats per a discapacitats intel\u00b7lectuals | AMPANS\"},{\"@type\":\"BreadcrumbList\",\"@id\":\"https:\\\/\\\/ampans.cat\\\/es\\\/atencion-diurna\\\/centro-dia\\\/#breadcrumb\",\"itemListElement\":[{\"@type\":\"ListItem\",\"position\":1,\"name\":\"Home\",\"item\":\"https:\\\/\\\/ampans.cat\\\/es\\\/\"},{\"@type\":\"ListItem\",\"position\":2,\"name\":\"Servicios y apoyos de atenci\u00f3n diurna\",\"item\":\"https:\\\/\\\/ampans.cat\\\/es\\\/atencion-diurna\\\/\"},{\"@type\":\"ListItem\",\"position\":3,\"name\":\"Centro de d\u00eda\"}]},{\"@type\":\"WebSite\",\"@id\":\"https:\\\/\\\/ampans.cat\\\/es\\\/#website\",\"url\":\"https:\\\/\\\/ampans.cat\\\/es\\\/\",\"name\":\"AMPANS\",\"description\":\"\",\"publisher\":{\"@id\":\"https:\\\/\\\/ampans.cat\\\/es\\\/#organization\"},\"potentialAction\":[{\"@type\":\"SearchAction\",\"target\":{\"@type\":\"EntryPoint\",\"urlTemplate\":\"https:\\\/\\\/ampans.cat\\\/es\\\/?s={search_term_string}\"},\"query-input\":{\"@type\":\"PropertyValueSpecification\",\"valueRequired\":true,\"valueName\":\"search_term_string\"}}],\"inLanguage\":\"es\"},{\"@type\":\"Organization\",\"@id\":\"https:\\\/\\\/ampans.cat\\\/es\\\/#organization\",\"name\":\"AMPANS\",\"url\":\"https:\\\/\\\/ampans.cat\\\/es\\\/\",\"logo\":{\"@type\":\"ImageObject\",\"inLanguage\":\"es\",\"@id\":\"https:\\\/\\\/ampans.cat\\\/es\\\/#\\\/schema\\\/logo\\\/image\\\/\",\"url\":\"https:\\\/\\\/ampans.cat\\\/wp-content\\\/uploads\\\/2022\\\/06\\\/animat-ampans-big.gif\",\"contentUrl\":\"https:\\\/\\\/ampans.cat\\\/wp-content\\\/uploads\\\/2022\\\/06\\\/animat-ampans-big.gif\",\"width\":1200,\"height\":312,\"caption\":\"AMPANS\"},\"image\":{\"@id\":\"https:\\\/\\\/ampans.cat\\\/es\\\/#\\\/schema\\\/logo\\\/image\\\/\"}}]}<\/script>\n<!-- \/ Yoast SEO plugin. -->","yoast_head_json":{"title":"Centros de D\u00eda para Personas con Discapacidad","description":"Conoce nuestro centro diurno para el acompa\u00f1amiento, apoyo y atenci\u00f3n continuada de personas con discapacidad mediante actividades y talleres \u00a1Inf\u00f3rmate!","robots":{"index":"index","follow":"follow","max-snippet":"max-snippet:-1","max-image-preview":"max-image-preview:large","max-video-preview":"max-video-preview:-1"},"canonical":"https:\/\/ampans.cat\/es\/atencion-diurna\/centro-dia\/","og_locale":"es_ES","og_type":"article","og_title":"Centros de D\u00eda para Personas con Discapacidad","og_description":"Conoce nuestro centro diurno para el acompa\u00f1amiento, apoyo y atenci\u00f3n continuada de personas con discapacidad mediante actividades y talleres \u00a1Inf\u00f3rmate!","og_url":"https:\/\/ampans.cat\/es\/atencion-diurna\/centro-dia\/","og_site_name":"AMPANS","article_modified_time":"2024-07-09T10:46:45+00:00","og_image":[{"width":2002,"height":989,"url":"https:\/\/ampans.cat\/wp-content\/uploads\/2022\/03\/actividades-talleres-centro-dia-discapacidad-.png","type":"image\/png"}],"twitter_card":"summary_large_image","twitter_misc":{"Tiempo de lectura":"1 minuto"},"schema":{"@context":"https:\/\/schema.org","@graph":[{"@type":"WebPage","@id":"https:\/\/ampans.cat\/es\/atencion-diurna\/centro-dia\/","url":"https:\/\/ampans.cat\/es\/atencion-diurna\/centro-dia\/","name":"Centros de D\u00eda para Personas con Discapacidad","isPartOf":{"@id":"https:\/\/ampans.cat\/es\/#website"},"primaryImageOfPage":{"@id":"https:\/\/ampans.cat\/es\/atencion-diurna\/centro-dia\/#primaryimage"},"image":{"@id":"https:\/\/ampans.cat\/es\/atencion-diurna\/centro-dia\/#primaryimage"},"thumbnailUrl":"https:\/\/ampans.cat\/wp-content\/uploads\/2022\/03\/actividades-talleres-centro-dia-discapacidad-.png","datePublished":"2022-03-07T17:37:31+00:00","dateModified":"2024-07-09T10:46:45+00:00","description":"Conoce nuestro centro diurno para el acompa\u00f1amiento, apoyo y atenci\u00f3n continuada de personas con discapacidad mediante actividades y talleres \u00a1Inf\u00f3rmate!","breadcrumb":{"@id":"https:\/\/ampans.cat\/es\/atencion-diurna\/centro-dia\/#breadcrumb"},"inLanguage":"es","potentialAction":[{"@type":"ReadAction","target":["https:\/\/ampans.cat\/es\/atencion-diurna\/centro-dia\/"]}]},{"@type":"ImageObject","inLanguage":"es","@id":"https:\/\/ampans.cat\/es\/atencion-diurna\/centro-dia\/#primaryimage","url":"https:\/\/ampans.cat\/wp-content\/uploads\/2022\/03\/actividades-talleres-centro-dia-discapacidad-.png","contentUrl":"https:\/\/ampans.cat\/wp-content\/uploads\/2022\/03\/actividades-talleres-centro-dia-discapacidad-.png","width":2002,"height":989,"caption":"Activitats per a discapacitats intel\u00b7lectuals | AMPANS"},{"@type":"BreadcrumbList","@id":"https:\/\/ampans.cat\/es\/atencion-diurna\/centro-dia\/#breadcrumb","itemListElement":[{"@type":"ListItem","position":1,"name":"Home","item":"https:\/\/ampans.cat\/es\/"},{"@type":"ListItem","position":2,"name":"Servicios y apoyos de atenci\u00f3n diurna","item":"https:\/\/ampans.cat\/es\/atencion-diurna\/"},{"@type":"ListItem","position":3,"name":"Centro de d\u00eda"}]},{"@type":"WebSite","@id":"https:\/\/ampans.cat\/es\/#website","url":"https:\/\/ampans.cat\/es\/","name":"AMPANS","description":"","publisher":{"@id":"https:\/\/ampans.cat\/es\/#organization"},"potentialAction":[{"@type":"SearchAction","target":{"@type":"EntryPoint","urlTemplate":"https:\/\/ampans.cat\/es\/?s={search_term_string}"},"query-input":{"@type":"PropertyValueSpecification","valueRequired":true,"valueName":"search_term_string"}}],"inLanguage":"es"},{"@type":"Organization","@id":"https:\/\/ampans.cat\/es\/#organization","name":"AMPANS","url":"https:\/\/ampans.cat\/es\/","logo":{"@type":"ImageObject","inLanguage":"es","@id":"https:\/\/ampans.cat\/es\/#\/schema\/logo\/image\/","url":"https:\/\/ampans.cat\/wp-content\/uploads\/2022\/06\/animat-ampans-big.gif","contentUrl":"https:\/\/ampans.cat\/wp-content\/uploads\/2022\/06\/animat-ampans-big.gif","width":1200,"height":312,"caption":"AMPANS"},"image":{"@id":"https:\/\/ampans.cat\/es\/#\/schema\/logo\/image\/"}}]}},"_links":{"self":[{"href":"https:\/\/ampans.cat\/es\/wp-json\/wp\/v2\/pages\/5623","targetHints":{"allow":["GET"]}}],"collection":[{"href":"https:\/\/ampans.cat\/es\/wp-json\/wp\/v2\/pages"}],"about":[{"href":"https:\/\/ampans.cat\/es\/wp-json\/wp\/v2\/types\/page"}],"author":[{"embeddable":true,"href":"https:\/\/ampans.cat\/es\/wp-json\/wp\/v2\/users\/16"}],"replies":[{"embeddable":true,"href":"https:\/\/ampans.cat\/es\/wp-json\/wp\/v2\/comments?post=5623"}],"version-history":[{"count":9,"href":"https:\/\/ampans.cat\/es\/wp-json\/wp\/v2\/pages\/5623\/revisions"}],"predecessor-version":[{"id":25353,"href":"https:\/\/ampans.cat\/es\/wp-json\/wp\/v2\/pages\/5623\/revisions\/25353"}],"up":[{"embeddable":true,"href":"https:\/\/ampans.cat\/es\/wp-json\/wp\/v2\/pages\/1037"}],"wp:featuredmedia":[{"embeddable":true,"href":"https:\/\/ampans.cat\/es\/wp-json\/wp\/v2\/media\/1207"}],"wp:attachment":[{"href":"https:\/\/ampans.cat\/es\/wp-json\/wp\/v2\/media?parent=5623"}],"wp:term":[{"taxonomy":"tipus_de_pagina","embeddable":true,"href":"https:\/\/ampans.cat\/es\/wp-json\/wp\/v2\/tipus_de_pagina?post=5623"},{"taxonomy":"ambits_principals","embeddable":true,"href":"https:\/\/ampans.cat\/es\/wp-json\/wp\/v2\/ambits_principals?post=5623"},{"taxonomy":"edat","embeddable":true,"href":"https:\/\/ampans.cat\/es\/wp-json\/wp\/v2\/edat?post=5623"},{"taxonomy":"situacio_laboral","embeddable":true,"href":"https:\/\/ampans.cat\/es\/wp-json\/wp\/v2\/situacio_laboral?post=5623"},{"taxonomy":"tipus_formacio","embeddable":true,"href":"https:\/\/ampans.cat\/es\/wp-json\/wp\/v2\/tipus_formacio?post=5623"},{"taxonomy":"itineraris","embeddable":true,"href":"https:\/\/ampans.cat\/es\/wp-json\/wp\/v2\/itineraris?post=5623"}],"curies":[{"name":"wp","href":"https:\/\/api.w.org\/{rel}","templated":true}]}}

Centro de día

<!-- This site is optimized with the Yoast SEO plugin v27.4 - https://yoast.com/product/yoast-seo-wordpress/ -->
<title>Centros de Día para Personas con Discapacidad</title>
<meta name="description" content="Conoce nuestro centro diurno para el acompañamiento, apoyo y atención continuada de personas con discapacidad mediante actividades y talleres ¡Infórmate!" />
<meta name="robots" content="index, follow, max-snippet:-1, max-image-preview:large, max-video-preview:-1" />
<link rel="canonical" href="https://ampans.cat/es/atencion-diurna/centro-dia/" />
<meta property="og:locale" content="es_ES" />
<meta property="og:type" content="article" />
<meta property="og:title" content="Centros de Día para Personas con Discapacidad" />
<meta property="og:description" content="Conoce nuestro centro diurno para el acompañamiento, apoyo y atención continuada de personas con discapacidad mediante actividades y talleres ¡Infórmate!" />
<meta property="og:url" content="https://ampans.cat/es/atencion-diurna/centro-dia/" />
<meta property="og:site_name" content="AMPANS" />
<meta property="article:modified_time" content="2024-07-09T10:46:45+00:00" />
<meta property="og:image" content="https://ampans.cat/wp-content/uploads/2022/03/actividades-talleres-centro-dia-discapacidad-.png" />
	<meta property="og:image:width" content="2002" />
	<meta property="og:image:height" content="989" />
	<meta property="og:image:type" content="image/png" />
<meta name="twitter:card" content="summary_large_image" />
<meta name="twitter:label1" content="Tiempo de lectura" />
	<meta name="twitter:data1" content="1 minuto" />
<script type="application/ld+json" class="yoast-schema-graph">{"@context":"https:\/\/schema.org","@graph":[{"@type":"WebPage","@id":"https:\/\/ampans.cat\/es\/atencion-diurna\/centro-dia\/","url":"https:\/\/ampans.cat\/es\/atencion-diurna\/centro-dia\/","name":"Centros de Día para Personas con Discapacidad","isPartOf":{"@id":"https:\/\/ampans.cat\/es\/#website"},"primaryImageOfPage":{"@id":"https:\/\/ampans.cat\/es\/atencion-diurna\/centro-dia\/#primaryimage"},"image":{"@id":"https:\/\/ampans.cat\/es\/atencion-diurna\/centro-dia\/#primaryimage"},"thumbnailUrl":"https:\/\/ampans.cat\/wp-content\/uploads\/2022\/03\/actividades-talleres-centro-dia-discapacidad-.png","datePublished":"2022-03-07T17:37:31+00:00","dateModified":"2024-07-09T10:46:45+00:00","description":"Conoce nuestro centro diurno para el acompañamiento, apoyo y atención continuada de personas con discapacidad mediante actividades y talleres ¡Infórmate!","breadcrumb":{"@id":"https:\/\/ampans.cat\/es\/atencion-diurna\/centro-dia\/#breadcrumb"},"inLanguage":"es","potentialAction":[{"@type":"ReadAction","target":["https:\/\/ampans.cat\/es\/atencion-diurna\/centro-dia\/"]}]},{"@type":"ImageObject","inLanguage":"es","@id":"https:\/\/ampans.cat\/es\/atencion-diurna\/centro-dia\/#primaryimage","url":"https:\/\/ampans.cat\/wp-content\/uploads\/2022\/03\/actividades-talleres-centro-dia-discapacidad-.png","contentUrl":"https:\/\/ampans.cat\/wp-content\/uploads\/2022\/03\/actividades-talleres-centro-dia-discapacidad-.png","width":2002,"height":989,"caption":"Activitats per a discapacitats intel·lectuals | AMPANS"},{"@type":"BreadcrumbList","@id":"https:\/\/ampans.cat\/es\/atencion-diurna\/centro-dia\/#breadcrumb","itemListElement":[{"@type":"ListItem","position":1,"name":"Home","item":"https:\/\/ampans.cat\/es\/"},{"@type":"ListItem","position":2,"name":"Servicios y apoyos de atención diurna","item":"https:\/\/ampans.cat\/es\/atencion-diurna\/"},{"@type":"ListItem","position":3,"name":"Centro de día"}]},{"@type":"WebSite","@id":"https:\/\/ampans.cat\/es\/#website","url":"https:\/\/ampans.cat\/es\/","name":"AMPANS","description":"","publisher":{"@id":"https:\/\/ampans.cat\/es\/#organization"},"potentialAction":[{"@type":"SearchAction","target":{"@type":"EntryPoint","urlTemplate":"https:\/\/ampans.cat\/es\/?s={search_term_string}"},"query-input":{"@type":"PropertyValueSpecification","valueRequired":true,"valueName":"search_term_string"}}],"inLanguage":"es"},{"@type":"Organization","@id":"https:\/\/ampans.cat\/es\/#organization","name":"AMPANS","url":"https:\/\/ampans.cat\/es\/","logo":{"@type":"ImageObject","inLanguage":"es","@id":"https:\/\/ampans.cat\/es\/#\/schema\/logo\/image\/","url":"https:\/\/ampans.cat\/wp-content\/uploads\/2022\/06\/animat-ampans-big.gif","contentUrl":"https:\/\/ampans.cat\/wp-content\/uploads\/2022\/06\/animat-ampans-big.gif","width":1200,"height":312,"caption":"AMPANS"},"image":{"@id":"https:\/\/ampans.cat\/es\/#\/schema\/logo\/image\/"}}]}</script>
<!-- / Yoast SEO plugin. -->

Centros de Día para Personas con Discapacidad

Conoce nuestro centro diurno para el acompañamiento, apoyo y atención continuada de personas con discapacidad mediante actividades y talleres ¡Infórmate!

Servicios y apoyos de atención diurna
