{"id":5493,"date":"2022-03-24T09:05:00","date_gmt":"2022-03-24T09:05:00","guid":{"rendered":"https:\/\/ampans.cat\/orientacion-formacion-empleo\/orientacio-laboral\/"},"modified":"2026-03-25T16:07:55","modified_gmt":"2026-03-25T14:07:55","slug":"orientacion-laboral","status":"publish","type":"page","link":"https:\/\/ampans.cat\/es\/orientacion-formacion-empleo\/orientacion-laboral\/","title":{"rendered":"Orientaci\u00f3n laboral"},"content":{"rendered":"","protected":false},"excerpt":{"rendered":"","protected":false},"author":16,"featured_media":3220,"parent":1926,"menu_order":0,"comment_status":"closed","ping_status":"closed","template":"template\/d-suports-sub-page.php","meta":{"_acf_changed":false,"inline_featured_image":false,"footnotes":""},"tipus_de_pagina":[],"ambits_principals":[131],"edat":[],"situacio_laboral":[],"tipus_formacio":[],"itineraris":[],"class_list":["post-5493","page","type-page","status-publish","has-post-thumbnail","hentry","ambits_principals-suport-i-acompanyament-es"],"acf":[],"yoast_head":"<!-- This site is optimized with the Yoast SEO plugin v27.4 - https:\/\/yoast.com\/product\/yoast-seo-wordpress\/ -->\n<title>Programas Orientaci\u00f3n Laboral y Profesional. Inserci\u00f3n Diversidad<\/title>\n<meta name=\"description\" content=\"Servicio de gu\u00eda y apoyo en la toma de decisiones en el \u00e1mbito formativo, laboral y profesional para personas con discapacidad o en riesgo de exclusi\u00f3n. \u00a1Inf\u00f3rmate!\" \/>\n<meta name=\"robots\" content=\"index, follow, max-snippet:-1, max-image-preview:large, max-video-preview:-1\" \/>\n<link rel=\"canonical\" href=\"https:\/\/ampans.cat\/es\/orientacion-formacion-empleo\/orientacion-laboral\/\" \/>\n<meta property=\"og:locale\" content=\"es_ES\" \/>\n<meta property=\"og:type\" content=\"article\" \/>\n<meta property=\"og:title\" content=\"Programas Orientaci\u00f3n Laboral y Profesional. Inserci\u00f3n Diversidad\" \/>\n<meta property=\"og:description\" content=\"Servicio de gu\u00eda y apoyo en la toma de decisiones en el \u00e1mbito formativo, laboral y profesional para personas con discapacidad o en riesgo de exclusi\u00f3n. \u00a1Inf\u00f3rmate!\" \/>\n<meta property=\"og:url\" content=\"https:\/\/ampans.cat\/es\/orientacion-formacion-empleo\/orientacion-laboral\/\" \/>\n<meta property=\"og:site_name\" content=\"AMPANS\" \/>\n<meta property=\"article:modified_time\" content=\"2026-03-25T14:07:55+00:00\" \/>\n<meta property=\"og:image\" content=\"https:\/\/ampans.cat\/wp-content\/uploads\/2022\/03\/orientacion-laboral-fundacion-ampans-scaled.jpg\" \/>\n\t<meta property=\"og:image:width\" content=\"2560\" \/>\n\t<meta property=\"og:image:height\" content=\"1595\" \/>\n\t<meta property=\"og:image:type\" content=\"image\/jpeg\" \/>\n<meta name=\"twitter:card\" content=\"summary_large_image\" \/>\n<meta name=\"twitter:label1\" content=\"Tiempo de lectura\" \/>\n\t<meta name=\"twitter:data1\" content=\"1 minuto\" \/>\n<script type=\"application\/ld+json\" class=\"yoast-schema-graph\">{\"@context\":\"https:\\\/\\\/schema.org\",\"@graph\":[{\"@type\":\"WebPage\",\"@id\":\"https:\\\/\\\/ampans.cat\\\/es\\\/orientacion-formacion-empleo\\\/orientacion-laboral\\\/\",\"url\":\"https:\\\/\\\/ampans.cat\\\/es\\\/orientacion-formacion-empleo\\\/orientacion-laboral\\\/\",\"name\":\"Programas Orientaci\u00f3n Laboral y Profesional. Inserci\u00f3n Diversidad\",\"isPartOf\":{\"@id\":\"https:\\\/\\\/ampans.cat\\\/es\\\/#website\"},\"primaryImageOfPage\":{\"@id\":\"https:\\\/\\\/ampans.cat\\\/es\\\/orientacion-formacion-empleo\\\/orientacion-laboral\\\/#primaryimage\"},\"image\":{\"@id\":\"https:\\\/\\\/ampans.cat\\\/es\\\/orientacion-formacion-empleo\\\/orientacion-laboral\\\/#primaryimage\"},\"thumbnailUrl\":\"https:\\\/\\\/ampans.cat\\\/wp-content\\\/uploads\\\/2022\\\/03\\\/orientacion-laboral-fundacion-ampans-scaled.jpg\",\"datePublished\":\"2022-03-24T09:05:00+00:00\",\"dateModified\":\"2026-03-25T14:07:55+00:00\",\"description\":\"Servicio de gu\u00eda y apoyo en la toma de decisiones en el \u00e1mbito formativo, laboral y profesional para personas con discapacidad o en riesgo de exclusi\u00f3n. \u00a1Inf\u00f3rmate!\",\"breadcrumb\":{\"@id\":\"https:\\\/\\\/ampans.cat\\\/es\\\/orientacion-formacion-empleo\\\/orientacion-laboral\\\/#breadcrumb\"},\"inLanguage\":\"es\",\"potentialAction\":[{\"@type\":\"ReadAction\",\"target\":[\"https:\\\/\\\/ampans.cat\\\/es\\\/orientacion-formacion-empleo\\\/orientacion-laboral\\\/\"]}]},{\"@type\":\"ImageObject\",\"inLanguage\":\"es\",\"@id\":\"https:\\\/\\\/ampans.cat\\\/es\\\/orientacion-formacion-empleo\\\/orientacion-laboral\\\/#primaryimage\",\"url\":\"https:\\\/\\\/ampans.cat\\\/wp-content\\\/uploads\\\/2022\\\/03\\\/orientacion-laboral-fundacion-ampans-scaled.jpg\",\"contentUrl\":\"https:\\\/\\\/ampans.cat\\\/wp-content\\\/uploads\\\/2022\\\/03\\\/orientacion-laboral-fundacion-ampans-scaled.jpg\",\"width\":2560,\"height\":1595,\"caption\":\"Servei de guia i suport laboral\"},{\"@type\":\"BreadcrumbList\",\"@id\":\"https:\\\/\\\/ampans.cat\\\/es\\\/orientacion-formacion-empleo\\\/orientacion-laboral\\\/#breadcrumb\",\"itemListElement\":[{\"@type\":\"ListItem\",\"position\":1,\"name\":\"Home\",\"item\":\"https:\\\/\\\/ampans.cat\\\/es\\\/\"},{\"@type\":\"ListItem\",\"position\":2,\"name\":\"Orientaci\u00f3n, formaci\u00f3n y trabajo\",\"item\":\"https:\\\/\\\/ampans.cat\\\/es\\\/orientacion-formacion-empleo\\\/\"},{\"@type\":\"ListItem\",\"position\":3,\"name\":\"Orientaci\u00f3n laboral\"}]},{\"@type\":\"WebSite\",\"@id\":\"https:\\\/\\\/ampans.cat\\\/es\\\/#website\",\"url\":\"https:\\\/\\\/ampans.cat\\\/es\\\/\",\"name\":\"AMPANS\",\"description\":\"\",\"publisher\":{\"@id\":\"https:\\\/\\\/ampans.cat\\\/es\\\/#organization\"},\"potentialAction\":[{\"@type\":\"SearchAction\",\"target\":{\"@type\":\"EntryPoint\",\"urlTemplate\":\"https:\\\/\\\/ampans.cat\\\/es\\\/?s={search_term_string}\"},\"query-input\":{\"@type\":\"PropertyValueSpecification\",\"valueRequired\":true,\"valueName\":\"search_term_string\"}}],\"inLanguage\":\"es\"},{\"@type\":\"Organization\",\"@id\":\"https:\\\/\\\/ampans.cat\\\/es\\\/#organization\",\"name\":\"AMPANS\",\"url\":\"https:\\\/\\\/ampans.cat\\\/es\\\/\",\"logo\":{\"@type\":\"ImageObject\",\"inLanguage\":\"es\",\"@id\":\"https:\\\/\\\/ampans.cat\\\/es\\\/#\\\/schema\\\/logo\\\/image\\\/\",\"url\":\"https:\\\/\\\/ampans.cat\\\/wp-content\\\/uploads\\\/2022\\\/06\\\/animat-ampans-big.gif\",\"contentUrl\":\"https:\\\/\\\/ampans.cat\\\/wp-content\\\/uploads\\\/2022\\\/06\\\/animat-ampans-big.gif\",\"width\":1200,\"height\":312,\"caption\":\"AMPANS\"},\"image\":{\"@id\":\"https:\\\/\\\/ampans.cat\\\/es\\\/#\\\/schema\\\/logo\\\/image\\\/\"}}]}<\/script>\n<!-- \/ Yoast SEO plugin. -->","yoast_head_json":{"title":"Programas Orientaci\u00f3n Laboral y Profesional. Inserci\u00f3n Diversidad","description":"Servicio de gu\u00eda y apoyo en la toma de decisiones en el \u00e1mbito formativo, laboral y profesional para personas con discapacidad o en riesgo de exclusi\u00f3n. \u00a1Inf\u00f3rmate!","robots":{"index":"index","follow":"follow","max-snippet":"max-snippet:-1","max-image-preview":"max-image-preview:large","max-video-preview":"max-video-preview:-1"},"canonical":"https:\/\/ampans.cat\/es\/orientacion-formacion-empleo\/orientacion-laboral\/","og_locale":"es_ES","og_type":"article","og_title":"Programas Orientaci\u00f3n Laboral y Profesional. Inserci\u00f3n Diversidad","og_description":"Servicio de gu\u00eda y apoyo en la toma de decisiones en el \u00e1mbito formativo, laboral y profesional para personas con discapacidad o en riesgo de exclusi\u00f3n. \u00a1Inf\u00f3rmate!","og_url":"https:\/\/ampans.cat\/es\/orientacion-formacion-empleo\/orientacion-laboral\/","og_site_name":"AMPANS","article_modified_time":"2026-03-25T14:07:55+00:00","og_image":[{"width":2560,"height":1595,"url":"https:\/\/ampans.cat\/wp-content\/uploads\/2022\/03\/orientacion-laboral-fundacion-ampans-scaled.jpg","type":"image\/jpeg"}],"twitter_card":"summary_large_image","twitter_misc":{"Tiempo de lectura":"1 minuto"},"schema":{"@context":"https:\/\/schema.org","@graph":[{"@type":"WebPage","@id":"https:\/\/ampans.cat\/es\/orientacion-formacion-empleo\/orientacion-laboral\/","url":"https:\/\/ampans.cat\/es\/orientacion-formacion-empleo\/orientacion-laboral\/","name":"Programas Orientaci\u00f3n Laboral y Profesional. Inserci\u00f3n Diversidad","isPartOf":{"@id":"https:\/\/ampans.cat\/es\/#website"},"primaryImageOfPage":{"@id":"https:\/\/ampans.cat\/es\/orientacion-formacion-empleo\/orientacion-laboral\/#primaryimage"},"image":{"@id":"https:\/\/ampans.cat\/es\/orientacion-formacion-empleo\/orientacion-laboral\/#primaryimage"},"thumbnailUrl":"https:\/\/ampans.cat\/wp-content\/uploads\/2022\/03\/orientacion-laboral-fundacion-ampans-scaled.jpg","datePublished":"2022-03-24T09:05:00+00:00","dateModified":"2026-03-25T14:07:55+00:00","description":"Servicio de gu\u00eda y apoyo en la toma de decisiones en el \u00e1mbito formativo, laboral y profesional para personas con discapacidad o en riesgo de exclusi\u00f3n. \u00a1Inf\u00f3rmate!","breadcrumb":{"@id":"https:\/\/ampans.cat\/es\/orientacion-formacion-empleo\/orientacion-laboral\/#breadcrumb"},"inLanguage":"es","potentialAction":[{"@type":"ReadAction","target":["https:\/\/ampans.cat\/es\/orientacion-formacion-empleo\/orientacion-laboral\/"]}]},{"@type":"ImageObject","inLanguage":"es","@id":"https:\/\/ampans.cat\/es\/orientacion-formacion-empleo\/orientacion-laboral\/#primaryimage","url":"https:\/\/ampans.cat\/wp-content\/uploads\/2022\/03\/orientacion-laboral-fundacion-ampans-scaled.jpg","contentUrl":"https:\/\/ampans.cat\/wp-content\/uploads\/2022\/03\/orientacion-laboral-fundacion-ampans-scaled.jpg","width":2560,"height":1595,"caption":"Servei de guia i suport laboral"},{"@type":"BreadcrumbList","@id":"https:\/\/ampans.cat\/es\/orientacion-formacion-empleo\/orientacion-laboral\/#breadcrumb","itemListElement":[{"@type":"ListItem","position":1,"name":"Home","item":"https:\/\/ampans.cat\/es\/"},{"@type":"ListItem","position":2,"name":"Orientaci\u00f3n, formaci\u00f3n y trabajo","item":"https:\/\/ampans.cat\/es\/orientacion-formacion-empleo\/"},{"@type":"ListItem","position":3,"name":"Orientaci\u00f3n laboral"}]},{"@type":"WebSite","@id":"https:\/\/ampans.cat\/es\/#website","url":"https:\/\/ampans.cat\/es\/","name":"AMPANS","description":"","publisher":{"@id":"https:\/\/ampans.cat\/es\/#organization"},"potentialAction":[{"@type":"SearchAction","target":{"@type":"EntryPoint","urlTemplate":"https:\/\/ampans.cat\/es\/?s={search_term_string}"},"query-input":{"@type":"PropertyValueSpecification","valueRequired":true,"valueName":"search_term_string"}}],"inLanguage":"es"},{"@type":"Organization","@id":"https:\/\/ampans.cat\/es\/#organization","name":"AMPANS","url":"https:\/\/ampans.cat\/es\/","logo":{"@type":"ImageObject","inLanguage":"es","@id":"https:\/\/ampans.cat\/es\/#\/schema\/logo\/image\/","url":"https:\/\/ampans.cat\/wp-content\/uploads\/2022\/06\/animat-ampans-big.gif","contentUrl":"https:\/\/ampans.cat\/wp-content\/uploads\/2022\/06\/animat-ampans-big.gif","width":1200,"height":312,"caption":"AMPANS"},"image":{"@id":"https:\/\/ampans.cat\/es\/#\/schema\/logo\/image\/"}}]}},"_links":{"self":[{"href":"https:\/\/ampans.cat\/es\/wp-json\/wp\/v2\/pages\/5493","targetHints":{"allow":["GET"]}}],"collection":[{"href":"https:\/\/ampans.cat\/es\/wp-json\/wp\/v2\/pages"}],"about":[{"href":"https:\/\/ampans.cat\/es\/wp-json\/wp\/v2\/types\/page"}],"author":[{"embeddable":true,"href":"https:\/\/ampans.cat\/es\/wp-json\/wp\/v2\/users\/16"}],"replies":[{"embeddable":true,"href":"https:\/\/ampans.cat\/es\/wp-json\/wp\/v2\/comments?post=5493"}],"version-history":[{"count":13,"href":"https:\/\/ampans.cat\/es\/wp-json\/wp\/v2\/pages\/5493\/revisions"}],"predecessor-version":[{"id":46403,"href":"https:\/\/ampans.cat\/es\/wp-json\/wp\/v2\/pages\/5493\/revisions\/46403"}],"up":[{"embeddable":true,"href":"https:\/\/ampans.cat\/es\/wp-json\/wp\/v2\/pages\/1926"}],"wp:featuredmedia":[{"embeddable":true,"href":"https:\/\/ampans.cat\/es\/wp-json\/wp\/v2\/media\/3220"}],"wp:attachment":[{"href":"https:\/\/ampans.cat\/es\/wp-json\/wp\/v2\/media?parent=5493"}],"wp:term":[{"taxonomy":"tipus_de_pagina","embeddable":true,"href":"https:\/\/ampans.cat\/es\/wp-json\/wp\/v2\/tipus_de_pagina?post=5493"},{"taxonomy":"ambits_principals","embeddable":true,"href":"https:\/\/ampans.cat\/es\/wp-json\/wp\/v2\/ambits_principals?post=5493"},{"taxonomy":"edat","embeddable":true,"href":"https:\/\/ampans.cat\/es\/wp-json\/wp\/v2\/edat?post=5493"},{"taxonomy":"situacio_laboral","embeddable":true,"href":"https:\/\/ampans.cat\/es\/wp-json\/wp\/v2\/situacio_laboral?post=5493"},{"taxonomy":"tipus_formacio","embeddable":true,"href":"https:\/\/ampans.cat\/es\/wp-json\/wp\/v2\/tipus_formacio?post=5493"},{"taxonomy":"itineraris","embeddable":true,"href":"https:\/\/ampans.cat\/es\/wp-json\/wp\/v2\/itineraris?post=5493"}],"curies":[{"name":"wp","href":"https:\/\/api.w.org\/{rel}","templated":true}]}}

Orientación laboral

<!-- This site is optimized with the Yoast SEO plugin v27.4 - https://yoast.com/product/yoast-seo-wordpress/ -->
<title>Programas Orientación Laboral y Profesional. Inserción Diversidad</title>
<meta name="description" content="Servicio de guía y apoyo en la toma de decisiones en el ámbito formativo, laboral y profesional para personas con discapacidad o en riesgo de exclusión. ¡Infórmate!" />
<meta name="robots" content="index, follow, max-snippet:-1, max-image-preview:large, max-video-preview:-1" />
<link rel="canonical" href="https://ampans.cat/es/orientacion-formacion-empleo/orientacion-laboral/" />
<meta property="og:locale" content="es_ES" />
<meta property="og:type" content="article" />
<meta property="og:title" content="Programas Orientación Laboral y Profesional. Inserción Diversidad" />
<meta property="og:description" content="Servicio de guía y apoyo en la toma de decisiones en el ámbito formativo, laboral y profesional para personas con discapacidad o en riesgo de exclusión. ¡Infórmate!" />
<meta property="og:url" content="https://ampans.cat/es/orientacion-formacion-empleo/orientacion-laboral/" />
<meta property="og:site_name" content="AMPANS" />
<meta property="article:modified_time" content="2026-03-25T14:07:55+00:00" />
<meta property="og:image" content="https://ampans.cat/wp-content/uploads/2022/03/orientacion-laboral-fundacion-ampans-scaled.jpg" />
	<meta property="og:image:width" content="2560" />
	<meta property="og:image:height" content="1595" />
	<meta property="og:image:type" content="image/jpeg" />
<meta name="twitter:card" content="summary_large_image" />
<meta name="twitter:label1" content="Tiempo de lectura" />
	<meta name="twitter:data1" content="1 minuto" />
<script type="application/ld+json" class="yoast-schema-graph">{"@context":"https:\/\/schema.org","@graph":[{"@type":"WebPage","@id":"https:\/\/ampans.cat\/es\/orientacion-formacion-empleo\/orientacion-laboral\/","url":"https:\/\/ampans.cat\/es\/orientacion-formacion-empleo\/orientacion-laboral\/","name":"Programas Orientación Laboral y Profesional. Inserción Diversidad","isPartOf":{"@id":"https:\/\/ampans.cat\/es\/#website"},"primaryImageOfPage":{"@id":"https:\/\/ampans.cat\/es\/orientacion-formacion-empleo\/orientacion-laboral\/#primaryimage"},"image":{"@id":"https:\/\/ampans.cat\/es\/orientacion-formacion-empleo\/orientacion-laboral\/#primaryimage"},"thumbnailUrl":"https:\/\/ampans.cat\/wp-content\/uploads\/2022\/03\/orientacion-laboral-fundacion-ampans-scaled.jpg","datePublished":"2022-03-24T09:05:00+00:00","dateModified":"2026-03-25T14:07:55+00:00","description":"Servicio de guía y apoyo en la toma de decisiones en el ámbito formativo, laboral y profesional para personas con discapacidad o en riesgo de exclusión. ¡Infórmate!","breadcrumb":{"@id":"https:\/\/ampans.cat\/es\/orientacion-formacion-empleo\/orientacion-laboral\/#breadcrumb"},"inLanguage":"es","potentialAction":[{"@type":"ReadAction","target":["https:\/\/ampans.cat\/es\/orientacion-formacion-empleo\/orientacion-laboral\/"]}]},{"@type":"ImageObject","inLanguage":"es","@id":"https:\/\/ampans.cat\/es\/orientacion-formacion-empleo\/orientacion-laboral\/#primaryimage","url":"https:\/\/ampans.cat\/wp-content\/uploads\/2022\/03\/orientacion-laboral-fundacion-ampans-scaled.jpg","contentUrl":"https:\/\/ampans.cat\/wp-content\/uploads\/2022\/03\/orientacion-laboral-fundacion-ampans-scaled.jpg","width":2560,"height":1595,"caption":"Servei de guia i suport laboral"},{"@type":"BreadcrumbList","@id":"https:\/\/ampans.cat\/es\/orientacion-formacion-empleo\/orientacion-laboral\/#breadcrumb","itemListElement":[{"@type":"ListItem","position":1,"name":"Home","item":"https:\/\/ampans.cat\/es\/"},{"@type":"ListItem","position":2,"name":"Orientación, formación y trabajo","item":"https:\/\/ampans.cat\/es\/orientacion-formacion-empleo\/"},{"@type":"ListItem","position":3,"name":"Orientación laboral"}]},{"@type":"WebSite","@id":"https:\/\/ampans.cat\/es\/#website","url":"https:\/\/ampans.cat\/es\/","name":"AMPANS","description":"","publisher":{"@id":"https:\/\/ampans.cat\/es\/#organization"},"potentialAction":[{"@type":"SearchAction","target":{"@type":"EntryPoint","urlTemplate":"https:\/\/ampans.cat\/es\/?s={search_term_string}"},"query-input":{"@type":"PropertyValueSpecification","valueRequired":true,"valueName":"search_term_string"}}],"inLanguage":"es"},{"@type":"Organization","@id":"https:\/\/ampans.cat\/es\/#organization","name":"AMPANS","url":"https:\/\/ampans.cat\/es\/","logo":{"@type":"ImageObject","inLanguage":"es","@id":"https:\/\/ampans.cat\/es\/#\/schema\/logo\/image\/","url":"https:\/\/ampans.cat\/wp-content\/uploads\/2022\/06\/animat-ampans-big.gif","contentUrl":"https:\/\/ampans.cat\/wp-content\/uploads\/2022\/06\/animat-ampans-big.gif","width":1200,"height":312,"caption":"AMPANS"},"image":{"@id":"https:\/\/ampans.cat\/es\/#\/schema\/logo\/image\/"}}]}</script>
<!-- / Yoast SEO plugin. -->

Programas Orientación Laboral y Profesional. Inserción Diversidad

Servicio de guía y apoyo en la toma de decisiones en el ámbito formativo, laboral y profesional para personas con discapacidad o en riesgo de exclusión. ¡Infórmate!

Orientación, formación y trabajo
