{"id":40350,"date":"2025-01-08T10:24:13","date_gmt":"2025-01-08T08:24:13","guid":{"rendered":"https:\/\/ampans.cat\/?page_id=40350"},"modified":"2025-01-08T10:58:25","modified_gmt":"2025-01-08T08:58:25","slug":"ja-centro-formacion","status":"publish","type":"page","link":"https:\/\/ampans.cat\/es\/orientacion-formacion-empleo\/ja-centro-formacion\/","title":{"rendered":"JA &#8211; Centro de formaci\u00f3n"},"content":{"rendered":"","protected":false},"excerpt":{"rendered":"","protected":false},"author":13,"featured_media":25021,"parent":1926,"menu_order":0,"comment_status":"closed","ping_status":"closed","template":"template\/d-suports-sub-page.php","meta":{"_acf_changed":false,"inline_featured_image":false,"footnotes":""},"tipus_de_pagina":[],"ambits_principals":[131],"edat":[],"situacio_laboral":[],"tipus_formacio":[],"itineraris":[],"class_list":["post-40350","page","type-page","status-publish","has-post-thumbnail","hentry","ambits_principals-suport-i-acompanyament-es"],"acf":[],"yoast_head":"<!-- This site is optimized with the Yoast SEO plugin v27.4 - https:\/\/yoast.com\/product\/yoast-seo-wordpress\/ -->\n<title>Centro de formaci\u00f3n JA | Formaci\u00f3n Innovadora y Oportunidades Laborales en la Catalu\u00f1a Central<\/title>\n<meta name=\"description\" content=\"Descubre el Centro de Formaci\u00f3n Profesional Integrada JOVIAT-AMPANS (JA) en la Catalunya Central. Ofrecemos formaci\u00f3n innovadora y personalizada en diversos sectores, con un enfoque en la empleabilidad, la inclusi\u00f3n y la calidad. Ac\u00e9rcate a nuevas oportunidades profesionales con una formaci\u00f3n adaptada a las necesidades de personas y empresas.\" \/>\n<meta name=\"robots\" content=\"index, follow, max-snippet:-1, max-image-preview:large, max-video-preview:-1\" \/>\n<link rel=\"canonical\" href=\"https:\/\/ampans.cat\/es\/orientacion-formacion-empleo\/ja-centro-formacion\/\" \/>\n<meta property=\"og:locale\" content=\"es_ES\" \/>\n<meta property=\"og:type\" content=\"article\" \/>\n<meta property=\"og:title\" content=\"Centro de formaci\u00f3n JA | Formaci\u00f3n Innovadora y Oportunidades Laborales en la Catalu\u00f1a Central\" \/>\n<meta property=\"og:description\" content=\"Descubre el Centro de Formaci\u00f3n Profesional Integrada JOVIAT-AMPANS (JA) en la Catalunya Central. Ofrecemos formaci\u00f3n innovadora y personalizada en diversos sectores, con un enfoque en la empleabilidad, la inclusi\u00f3n y la calidad. Ac\u00e9rcate a nuevas oportunidades profesionales con una formaci\u00f3n adaptada a las necesidades de personas y empresas.\" \/>\n<meta property=\"og:url\" content=\"https:\/\/ampans.cat\/es\/orientacion-formacion-empleo\/ja-centro-formacion\/\" \/>\n<meta property=\"og:site_name\" content=\"AMPANS\" \/>\n<meta property=\"article:modified_time\" content=\"2025-01-08T08:58:25+00:00\" \/>\n<meta property=\"og:image\" content=\"https:\/\/ampans.cat\/wp-content\/uploads\/2024\/06\/joviat-ampans-noti-scaled.jpg\" \/>\n\t<meta property=\"og:image:width\" content=\"2560\" \/>\n\t<meta property=\"og:image:height\" content=\"1137\" \/>\n\t<meta property=\"og:image:type\" content=\"image\/jpeg\" \/>\n<meta name=\"twitter:card\" content=\"summary_large_image\" \/>\n<meta name=\"twitter:label1\" content=\"Tiempo de lectura\" \/>\n\t<meta name=\"twitter:data1\" content=\"1 minuto\" \/>\n<script type=\"application\/ld+json\" class=\"yoast-schema-graph\">{\"@context\":\"https:\\\/\\\/schema.org\",\"@graph\":[{\"@type\":\"WebPage\",\"@id\":\"https:\\\/\\\/ampans.cat\\\/es\\\/orientacion-formacion-empleo\\\/ja-centro-formacion\\\/\",\"url\":\"https:\\\/\\\/ampans.cat\\\/es\\\/orientacion-formacion-empleo\\\/ja-centro-formacion\\\/\",\"name\":\"Centro de formaci\u00f3n JA | Formaci\u00f3n Innovadora y Oportunidades Laborales en la Catalu\u00f1a Central\",\"isPartOf\":{\"@id\":\"https:\\\/\\\/ampans.cat\\\/es\\\/#website\"},\"primaryImageOfPage\":{\"@id\":\"https:\\\/\\\/ampans.cat\\\/es\\\/orientacion-formacion-empleo\\\/ja-centro-formacion\\\/#primaryimage\"},\"image\":{\"@id\":\"https:\\\/\\\/ampans.cat\\\/es\\\/orientacion-formacion-empleo\\\/ja-centro-formacion\\\/#primaryimage\"},\"thumbnailUrl\":\"https:\\\/\\\/ampans.cat\\\/wp-content\\\/uploads\\\/2024\\\/06\\\/joviat-ampans-noti-scaled.jpg\",\"datePublished\":\"2025-01-08T08:24:13+00:00\",\"dateModified\":\"2025-01-08T08:58:25+00:00\",\"description\":\"Descubre el Centro de Formaci\u00f3n Profesional Integrada JOVIAT-AMPANS (JA) en la Catalunya Central. Ofrecemos formaci\u00f3n innovadora y personalizada en diversos sectores, con un enfoque en la empleabilidad, la inclusi\u00f3n y la calidad. Ac\u00e9rcate a nuevas oportunidades profesionales con una formaci\u00f3n adaptada a las necesidades de personas y empresas.\",\"breadcrumb\":{\"@id\":\"https:\\\/\\\/ampans.cat\\\/es\\\/orientacion-formacion-empleo\\\/ja-centro-formacion\\\/#breadcrumb\"},\"inLanguage\":\"es\",\"potentialAction\":[{\"@type\":\"ReadAction\",\"target\":[\"https:\\\/\\\/ampans.cat\\\/es\\\/orientacion-formacion-empleo\\\/ja-centro-formacion\\\/\"]}]},{\"@type\":\"ImageObject\",\"inLanguage\":\"es\",\"@id\":\"https:\\\/\\\/ampans.cat\\\/es\\\/orientacion-formacion-empleo\\\/ja-centro-formacion\\\/#primaryimage\",\"url\":\"https:\\\/\\\/ampans.cat\\\/wp-content\\\/uploads\\\/2024\\\/06\\\/joviat-ampans-noti-scaled.jpg\",\"contentUrl\":\"https:\\\/\\\/ampans.cat\\\/wp-content\\\/uploads\\\/2024\\\/06\\\/joviat-ampans-noti-scaled.jpg\",\"width\":2560,\"height\":1137},{\"@type\":\"BreadcrumbList\",\"@id\":\"https:\\\/\\\/ampans.cat\\\/es\\\/orientacion-formacion-empleo\\\/ja-centro-formacion\\\/#breadcrumb\",\"itemListElement\":[{\"@type\":\"ListItem\",\"position\":1,\"name\":\"Home\",\"item\":\"https:\\\/\\\/ampans.cat\\\/es\\\/\"},{\"@type\":\"ListItem\",\"position\":2,\"name\":\"Orientaci\u00f3n, formaci\u00f3n y trabajo\",\"item\":\"https:\\\/\\\/ampans.cat\\\/es\\\/orientacion-formacion-empleo\\\/\"},{\"@type\":\"ListItem\",\"position\":3,\"name\":\"JA &#8211; Centro de formaci\u00f3n\"}]},{\"@type\":\"WebSite\",\"@id\":\"https:\\\/\\\/ampans.cat\\\/es\\\/#website\",\"url\":\"https:\\\/\\\/ampans.cat\\\/es\\\/\",\"name\":\"AMPANS\",\"description\":\"\",\"publisher\":{\"@id\":\"https:\\\/\\\/ampans.cat\\\/es\\\/#organization\"},\"potentialAction\":[{\"@type\":\"SearchAction\",\"target\":{\"@type\":\"EntryPoint\",\"urlTemplate\":\"https:\\\/\\\/ampans.cat\\\/es\\\/?s={search_term_string}\"},\"query-input\":{\"@type\":\"PropertyValueSpecification\",\"valueRequired\":true,\"valueName\":\"search_term_string\"}}],\"inLanguage\":\"es\"},{\"@type\":\"Organization\",\"@id\":\"https:\\\/\\\/ampans.cat\\\/es\\\/#organization\",\"name\":\"AMPANS\",\"url\":\"https:\\\/\\\/ampans.cat\\\/es\\\/\",\"logo\":{\"@type\":\"ImageObject\",\"inLanguage\":\"es\",\"@id\":\"https:\\\/\\\/ampans.cat\\\/es\\\/#\\\/schema\\\/logo\\\/image\\\/\",\"url\":\"https:\\\/\\\/ampans.cat\\\/wp-content\\\/uploads\\\/2022\\\/06\\\/animat-ampans-big.gif\",\"contentUrl\":\"https:\\\/\\\/ampans.cat\\\/wp-content\\\/uploads\\\/2022\\\/06\\\/animat-ampans-big.gif\",\"width\":1200,\"height\":312,\"caption\":\"AMPANS\"},\"image\":{\"@id\":\"https:\\\/\\\/ampans.cat\\\/es\\\/#\\\/schema\\\/logo\\\/image\\\/\"}}]}<\/script>\n<!-- \/ Yoast SEO plugin. -->","yoast_head_json":{"title":"Centro de formaci\u00f3n JA | Formaci\u00f3n Innovadora y Oportunidades Laborales en la Catalu\u00f1a Central","description":"Descubre el Centro de Formaci\u00f3n Profesional Integrada JOVIAT-AMPANS (JA) en la Catalunya Central. Ofrecemos formaci\u00f3n innovadora y personalizada en diversos sectores, con un enfoque en la empleabilidad, la inclusi\u00f3n y la calidad. Ac\u00e9rcate a nuevas oportunidades profesionales con una formaci\u00f3n adaptada a las necesidades de personas y empresas.","robots":{"index":"index","follow":"follow","max-snippet":"max-snippet:-1","max-image-preview":"max-image-preview:large","max-video-preview":"max-video-preview:-1"},"canonical":"https:\/\/ampans.cat\/es\/orientacion-formacion-empleo\/ja-centro-formacion\/","og_locale":"es_ES","og_type":"article","og_title":"Centro de formaci\u00f3n JA | Formaci\u00f3n Innovadora y Oportunidades Laborales en la Catalu\u00f1a Central","og_description":"Descubre el Centro de Formaci\u00f3n Profesional Integrada JOVIAT-AMPANS (JA) en la Catalunya Central. Ofrecemos formaci\u00f3n innovadora y personalizada en diversos sectores, con un enfoque en la empleabilidad, la inclusi\u00f3n y la calidad. Ac\u00e9rcate a nuevas oportunidades profesionales con una formaci\u00f3n adaptada a las necesidades de personas y empresas.","og_url":"https:\/\/ampans.cat\/es\/orientacion-formacion-empleo\/ja-centro-formacion\/","og_site_name":"AMPANS","article_modified_time":"2025-01-08T08:58:25+00:00","og_image":[{"width":2560,"height":1137,"url":"https:\/\/ampans.cat\/wp-content\/uploads\/2024\/06\/joviat-ampans-noti-scaled.jpg","type":"image\/jpeg"}],"twitter_card":"summary_large_image","twitter_misc":{"Tiempo de lectura":"1 minuto"},"schema":{"@context":"https:\/\/schema.org","@graph":[{"@type":"WebPage","@id":"https:\/\/ampans.cat\/es\/orientacion-formacion-empleo\/ja-centro-formacion\/","url":"https:\/\/ampans.cat\/es\/orientacion-formacion-empleo\/ja-centro-formacion\/","name":"Centro de formaci\u00f3n JA | Formaci\u00f3n Innovadora y Oportunidades Laborales en la Catalu\u00f1a Central","isPartOf":{"@id":"https:\/\/ampans.cat\/es\/#website"},"primaryImageOfPage":{"@id":"https:\/\/ampans.cat\/es\/orientacion-formacion-empleo\/ja-centro-formacion\/#primaryimage"},"image":{"@id":"https:\/\/ampans.cat\/es\/orientacion-formacion-empleo\/ja-centro-formacion\/#primaryimage"},"thumbnailUrl":"https:\/\/ampans.cat\/wp-content\/uploads\/2024\/06\/joviat-ampans-noti-scaled.jpg","datePublished":"2025-01-08T08:24:13+00:00","dateModified":"2025-01-08T08:58:25+00:00","description":"Descubre el Centro de Formaci\u00f3n Profesional Integrada JOVIAT-AMPANS (JA) en la Catalunya Central. Ofrecemos formaci\u00f3n innovadora y personalizada en diversos sectores, con un enfoque en la empleabilidad, la inclusi\u00f3n y la calidad. Ac\u00e9rcate a nuevas oportunidades profesionales con una formaci\u00f3n adaptada a las necesidades de personas y empresas.","breadcrumb":{"@id":"https:\/\/ampans.cat\/es\/orientacion-formacion-empleo\/ja-centro-formacion\/#breadcrumb"},"inLanguage":"es","potentialAction":[{"@type":"ReadAction","target":["https:\/\/ampans.cat\/es\/orientacion-formacion-empleo\/ja-centro-formacion\/"]}]},{"@type":"ImageObject","inLanguage":"es","@id":"https:\/\/ampans.cat\/es\/orientacion-formacion-empleo\/ja-centro-formacion\/#primaryimage","url":"https:\/\/ampans.cat\/wp-content\/uploads\/2024\/06\/joviat-ampans-noti-scaled.jpg","contentUrl":"https:\/\/ampans.cat\/wp-content\/uploads\/2024\/06\/joviat-ampans-noti-scaled.jpg","width":2560,"height":1137},{"@type":"BreadcrumbList","@id":"https:\/\/ampans.cat\/es\/orientacion-formacion-empleo\/ja-centro-formacion\/#breadcrumb","itemListElement":[{"@type":"ListItem","position":1,"name":"Home","item":"https:\/\/ampans.cat\/es\/"},{"@type":"ListItem","position":2,"name":"Orientaci\u00f3n, formaci\u00f3n y trabajo","item":"https:\/\/ampans.cat\/es\/orientacion-formacion-empleo\/"},{"@type":"ListItem","position":3,"name":"JA &#8211; Centro de formaci\u00f3n"}]},{"@type":"WebSite","@id":"https:\/\/ampans.cat\/es\/#website","url":"https:\/\/ampans.cat\/es\/","name":"AMPANS","description":"","publisher":{"@id":"https:\/\/ampans.cat\/es\/#organization"},"potentialAction":[{"@type":"SearchAction","target":{"@type":"EntryPoint","urlTemplate":"https:\/\/ampans.cat\/es\/?s={search_term_string}"},"query-input":{"@type":"PropertyValueSpecification","valueRequired":true,"valueName":"search_term_string"}}],"inLanguage":"es"},{"@type":"Organization","@id":"https:\/\/ampans.cat\/es\/#organization","name":"AMPANS","url":"https:\/\/ampans.cat\/es\/","logo":{"@type":"ImageObject","inLanguage":"es","@id":"https:\/\/ampans.cat\/es\/#\/schema\/logo\/image\/","url":"https:\/\/ampans.cat\/wp-content\/uploads\/2022\/06\/animat-ampans-big.gif","contentUrl":"https:\/\/ampans.cat\/wp-content\/uploads\/2022\/06\/animat-ampans-big.gif","width":1200,"height":312,"caption":"AMPANS"},"image":{"@id":"https:\/\/ampans.cat\/es\/#\/schema\/logo\/image\/"}}]}},"_links":{"self":[{"href":"https:\/\/ampans.cat\/es\/wp-json\/wp\/v2\/pages\/40350","targetHints":{"allow":["GET"]}}],"collection":[{"href":"https:\/\/ampans.cat\/es\/wp-json\/wp\/v2\/pages"}],"about":[{"href":"https:\/\/ampans.cat\/es\/wp-json\/wp\/v2\/types\/page"}],"author":[{"embeddable":true,"href":"https:\/\/ampans.cat\/es\/wp-json\/wp\/v2\/users\/13"}],"replies":[{"embeddable":true,"href":"https:\/\/ampans.cat\/es\/wp-json\/wp\/v2\/comments?post=40350"}],"version-history":[{"count":8,"href":"https:\/\/ampans.cat\/es\/wp-json\/wp\/v2\/pages\/40350\/revisions"}],"predecessor-version":[{"id":40416,"href":"https:\/\/ampans.cat\/es\/wp-json\/wp\/v2\/pages\/40350\/revisions\/40416"}],"up":[{"embeddable":true,"href":"https:\/\/ampans.cat\/es\/wp-json\/wp\/v2\/pages\/1926"}],"wp:featuredmedia":[{"embeddable":true,"href":"https:\/\/ampans.cat\/es\/wp-json\/wp\/v2\/media\/25021"}],"wp:attachment":[{"href":"https:\/\/ampans.cat\/es\/wp-json\/wp\/v2\/media?parent=40350"}],"wp:term":[{"taxonomy":"tipus_de_pagina","embeddable":true,"href":"https:\/\/ampans.cat\/es\/wp-json\/wp\/v2\/tipus_de_pagina?post=40350"},{"taxonomy":"ambits_principals","embeddable":true,"href":"https:\/\/ampans.cat\/es\/wp-json\/wp\/v2\/ambits_principals?post=40350"},{"taxonomy":"edat","embeddable":true,"href":"https:\/\/ampans.cat\/es\/wp-json\/wp\/v2\/edat?post=40350"},{"taxonomy":"situacio_laboral","embeddable":true,"href":"https:\/\/ampans.cat\/es\/wp-json\/wp\/v2\/situacio_laboral?post=40350"},{"taxonomy":"tipus_formacio","embeddable":true,"href":"https:\/\/ampans.cat\/es\/wp-json\/wp\/v2\/tipus_formacio?post=40350"},{"taxonomy":"itineraris","embeddable":true,"href":"https:\/\/ampans.cat\/es\/wp-json\/wp\/v2\/itineraris?post=40350"}],"curies":[{"name":"wp","href":"https:\/\/api.w.org\/{rel}","templated":true}]}}

JA &#8211; Centro de formación

<!-- This site is optimized with the Yoast SEO plugin v27.4 - https://yoast.com/product/yoast-seo-wordpress/ -->
<title>Centro de formación JA | Formación Innovadora y Oportunidades Laborales en la Cataluña Central</title>
<meta name="description" content="Descubre el Centro de Formación Profesional Integrada JOVIAT-AMPANS (JA) en la Catalunya Central. Ofrecemos formación innovadora y personalizada en diversos sectores, con un enfoque en la empleabilidad, la inclusión y la calidad. Acércate a nuevas oportunidades profesionales con una formación adaptada a las necesidades de personas y empresas." />
<meta name="robots" content="index, follow, max-snippet:-1, max-image-preview:large, max-video-preview:-1" />
<link rel="canonical" href="https://ampans.cat/es/orientacion-formacion-empleo/ja-centro-formacion/" />
<meta property="og:locale" content="es_ES" />
<meta property="og:type" content="article" />
<meta property="og:title" content="Centro de formación JA | Formación Innovadora y Oportunidades Laborales en la Cataluña Central" />
<meta property="og:description" content="Descubre el Centro de Formación Profesional Integrada JOVIAT-AMPANS (JA) en la Catalunya Central. Ofrecemos formación innovadora y personalizada en diversos sectores, con un enfoque en la empleabilidad, la inclusión y la calidad. Acércate a nuevas oportunidades profesionales con una formación adaptada a las necesidades de personas y empresas." />
<meta property="og:url" content="https://ampans.cat/es/orientacion-formacion-empleo/ja-centro-formacion/" />
<meta property="og:site_name" content="AMPANS" />
<meta property="article:modified_time" content="2025-01-08T08:58:25+00:00" />
<meta property="og:image" content="https://ampans.cat/wp-content/uploads/2024/06/joviat-ampans-noti-scaled.jpg" />
	<meta property="og:image:width" content="2560" />
	<meta property="og:image:height" content="1137" />
	<meta property="og:image:type" content="image/jpeg" />
<meta name="twitter:card" content="summary_large_image" />
<meta name="twitter:label1" content="Tiempo de lectura" />
	<meta name="twitter:data1" content="1 minuto" />
<script type="application/ld+json" class="yoast-schema-graph">{"@context":"https:\/\/schema.org","@graph":[{"@type":"WebPage","@id":"https:\/\/ampans.cat\/es\/orientacion-formacion-empleo\/ja-centro-formacion\/","url":"https:\/\/ampans.cat\/es\/orientacion-formacion-empleo\/ja-centro-formacion\/","name":"Centro de formación JA | Formación Innovadora y Oportunidades Laborales en la Cataluña Central","isPartOf":{"@id":"https:\/\/ampans.cat\/es\/#website"},"primaryImageOfPage":{"@id":"https:\/\/ampans.cat\/es\/orientacion-formacion-empleo\/ja-centro-formacion\/#primaryimage"},"image":{"@id":"https:\/\/ampans.cat\/es\/orientacion-formacion-empleo\/ja-centro-formacion\/#primaryimage"},"thumbnailUrl":"https:\/\/ampans.cat\/wp-content\/uploads\/2024\/06\/joviat-ampans-noti-scaled.jpg","datePublished":"2025-01-08T08:24:13+00:00","dateModified":"2025-01-08T08:58:25+00:00","description":"Descubre el Centro de Formación Profesional Integrada JOVIAT-AMPANS (JA) en la Catalunya Central. Ofrecemos formación innovadora y personalizada en diversos sectores, con un enfoque en la empleabilidad, la inclusión y la calidad. Acércate a nuevas oportunidades profesionales con una formación adaptada a las necesidades de personas y empresas.","breadcrumb":{"@id":"https:\/\/ampans.cat\/es\/orientacion-formacion-empleo\/ja-centro-formacion\/#breadcrumb"},"inLanguage":"es","potentialAction":[{"@type":"ReadAction","target":["https:\/\/ampans.cat\/es\/orientacion-formacion-empleo\/ja-centro-formacion\/"]}]},{"@type":"ImageObject","inLanguage":"es","@id":"https:\/\/ampans.cat\/es\/orientacion-formacion-empleo\/ja-centro-formacion\/#primaryimage","url":"https:\/\/ampans.cat\/wp-content\/uploads\/2024\/06\/joviat-ampans-noti-scaled.jpg","contentUrl":"https:\/\/ampans.cat\/wp-content\/uploads\/2024\/06\/joviat-ampans-noti-scaled.jpg","width":2560,"height":1137},{"@type":"BreadcrumbList","@id":"https:\/\/ampans.cat\/es\/orientacion-formacion-empleo\/ja-centro-formacion\/#breadcrumb","itemListElement":[{"@type":"ListItem","position":1,"name":"Home","item":"https:\/\/ampans.cat\/es\/"},{"@type":"ListItem","position":2,"name":"Orientación, formación y trabajo","item":"https:\/\/ampans.cat\/es\/orientacion-formacion-empleo\/"},{"@type":"ListItem","position":3,"name":"JA &#8211; Centro de formación"}]},{"@type":"WebSite","@id":"https:\/\/ampans.cat\/es\/#website","url":"https:\/\/ampans.cat\/es\/","name":"AMPANS","description":"","publisher":{"@id":"https:\/\/ampans.cat\/es\/#organization"},"potentialAction":[{"@type":"SearchAction","target":{"@type":"EntryPoint","urlTemplate":"https:\/\/ampans.cat\/es\/?s={search_term_string}"},"query-input":{"@type":"PropertyValueSpecification","valueRequired":true,"valueName":"search_term_string"}}],"inLanguage":"es"},{"@type":"Organization","@id":"https:\/\/ampans.cat\/es\/#organization","name":"AMPANS","url":"https:\/\/ampans.cat\/es\/","logo":{"@type":"ImageObject","inLanguage":"es","@id":"https:\/\/ampans.cat\/es\/#\/schema\/logo\/image\/","url":"https:\/\/ampans.cat\/wp-content\/uploads\/2022\/06\/animat-ampans-big.gif","contentUrl":"https:\/\/ampans.cat\/wp-content\/uploads\/2022\/06\/animat-ampans-big.gif","width":1200,"height":312,"caption":"AMPANS"},"image":{"@id":"https:\/\/ampans.cat\/es\/#\/schema\/logo\/image\/"}}]}</script>
<!-- / Yoast SEO plugin. -->

Centro de formación JA | Formación Innovadora y Oportunidades Laborales en la Cataluña Central

Descubre el Centro de Formación Profesional Integrada JOVIAT-AMPANS (JA) en la Catalunya Central. Ofrecemos formación innovadora y personalizada en diversos sectores, con un enfoque en la empleabilidad, la inclusión y la calidad. Acércate a nuevas oportunidades profesionales con una formación adaptada a las necesidades de personas y empresas.

Orientación, formación y trabajo
