{"id":2793,"date":"2022-03-16T05:41:26","date_gmt":"2022-03-16T05:41:26","guid":{"rendered":"https:\/\/ampans.cat\/informacio-organitzativa-ampans\/"},"modified":"2025-04-14T12:41:16","modified_gmt":"2025-04-14T10:41:16","slug":"informacion-organizativa","status":"publish","type":"page","link":"https:\/\/ampans.cat\/es\/transparencia\/informacion-organizativa\/","title":{"rendered":"Informaci\u00f3n organizativa"},"content":{"rendered":"","protected":false},"excerpt":{"rendered":"","protected":false},"author":16,"featured_media":0,"parent":7454,"menu_order":0,"comment_status":"closed","ping_status":"closed","template":"template\/d-suports-sub-page.php","meta":{"_acf_changed":false,"inline_featured_image":false,"footnotes":""},"tipus_de_pagina":[],"ambits_principals":[133],"edat":[],"situacio_laboral":[],"tipus_formacio":[],"itineraris":[],"class_list":["post-2793","page","type-page","status-publish","hentry","ambits_principals-divulgacio-i-coneixement-es"],"acf":[],"yoast_head":"<!-- This site is optimized with the Yoast SEO plugin v27.4 - https:\/\/yoast.com\/product\/yoast-seo-wordpress\/ -->\n<title>Informaci\u00f3 institucional i organitzativa<\/title>\n<meta name=\"description\" content=\"Accedeix a tota l&#039;informaci\u00f3 organitzativa de la nostra fundaci\u00f3: estructura de l\u2019entitat com a grup de societats i la normativa externa. Informa&#039;t aqu\u00ed!\" \/>\n<meta name=\"robots\" content=\"index, follow, max-snippet:-1, max-image-preview:large, max-video-preview:-1\" \/>\n<link rel=\"canonical\" href=\"https:\/\/ampans.cat\/es\/transparencia\/informacion-organizativa\/\" \/>\n<meta property=\"og:locale\" content=\"es_ES\" \/>\n<meta property=\"og:type\" content=\"article\" \/>\n<meta property=\"og:title\" content=\"Informaci\u00f3 institucional i organitzativa\" \/>\n<meta property=\"og:description\" content=\"Accedeix a tota l&#039;informaci\u00f3 organitzativa de la nostra fundaci\u00f3: estructura de l\u2019entitat com a grup de societats i la normativa externa. Informa&#039;t aqu\u00ed!\" \/>\n<meta property=\"og:url\" content=\"https:\/\/ampans.cat\/es\/transparencia\/informacion-organizativa\/\" \/>\n<meta property=\"og:site_name\" content=\"AMPANS\" \/>\n<meta property=\"article:modified_time\" content=\"2025-04-14T10:41:16+00:00\" \/>\n<meta name=\"twitter:card\" content=\"summary_large_image\" \/>\n<script type=\"application\/ld+json\" class=\"yoast-schema-graph\">{\"@context\":\"https:\\\/\\\/schema.org\",\"@graph\":[{\"@type\":\"WebPage\",\"@id\":\"https:\\\/\\\/ampans.cat\\\/es\\\/transparencia\\\/informacion-organizativa\\\/\",\"url\":\"https:\\\/\\\/ampans.cat\\\/es\\\/transparencia\\\/informacion-organizativa\\\/\",\"name\":\"Informaci\u00f3 institucional i organitzativa\",\"isPartOf\":{\"@id\":\"https:\\\/\\\/ampans.cat\\\/es\\\/#website\"},\"datePublished\":\"2022-03-16T05:41:26+00:00\",\"dateModified\":\"2025-04-14T10:41:16+00:00\",\"description\":\"Accedeix a tota l'informaci\u00f3 organitzativa de la nostra fundaci\u00f3: estructura de l\u2019entitat com a grup de societats i la normativa externa. Informa't aqu\u00ed!\",\"breadcrumb\":{\"@id\":\"https:\\\/\\\/ampans.cat\\\/es\\\/transparencia\\\/informacion-organizativa\\\/#breadcrumb\"},\"inLanguage\":\"es\",\"potentialAction\":[{\"@type\":\"ReadAction\",\"target\":[\"https:\\\/\\\/ampans.cat\\\/es\\\/transparencia\\\/informacion-organizativa\\\/\"]}]},{\"@type\":\"BreadcrumbList\",\"@id\":\"https:\\\/\\\/ampans.cat\\\/es\\\/transparencia\\\/informacion-organizativa\\\/#breadcrumb\",\"itemListElement\":[{\"@type\":\"ListItem\",\"position\":1,\"name\":\"Home\",\"item\":\"https:\\\/\\\/ampans.cat\\\/es\\\/\"},{\"@type\":\"ListItem\",\"position\":2,\"name\":\"Transparencia\",\"item\":\"https:\\\/\\\/ampans.cat\\\/es\\\/transparencia\\\/\"},{\"@type\":\"ListItem\",\"position\":3,\"name\":\"Informaci\u00f3n organizativa\"}]},{\"@type\":\"WebSite\",\"@id\":\"https:\\\/\\\/ampans.cat\\\/es\\\/#website\",\"url\":\"https:\\\/\\\/ampans.cat\\\/es\\\/\",\"name\":\"AMPANS\",\"description\":\"\",\"publisher\":{\"@id\":\"https:\\\/\\\/ampans.cat\\\/es\\\/#organization\"},\"potentialAction\":[{\"@type\":\"SearchAction\",\"target\":{\"@type\":\"EntryPoint\",\"urlTemplate\":\"https:\\\/\\\/ampans.cat\\\/es\\\/?s={search_term_string}\"},\"query-input\":{\"@type\":\"PropertyValueSpecification\",\"valueRequired\":true,\"valueName\":\"search_term_string\"}}],\"inLanguage\":\"es\"},{\"@type\":\"Organization\",\"@id\":\"https:\\\/\\\/ampans.cat\\\/es\\\/#organization\",\"name\":\"AMPANS\",\"url\":\"https:\\\/\\\/ampans.cat\\\/es\\\/\",\"logo\":{\"@type\":\"ImageObject\",\"inLanguage\":\"es\",\"@id\":\"https:\\\/\\\/ampans.cat\\\/es\\\/#\\\/schema\\\/logo\\\/image\\\/\",\"url\":\"https:\\\/\\\/ampans.cat\\\/wp-content\\\/uploads\\\/2022\\\/06\\\/animat-ampans-big.gif\",\"contentUrl\":\"https:\\\/\\\/ampans.cat\\\/wp-content\\\/uploads\\\/2022\\\/06\\\/animat-ampans-big.gif\",\"width\":1200,\"height\":312,\"caption\":\"AMPANS\"},\"image\":{\"@id\":\"https:\\\/\\\/ampans.cat\\\/es\\\/#\\\/schema\\\/logo\\\/image\\\/\"}}]}<\/script>\n<!-- \/ Yoast SEO plugin. -->","yoast_head_json":{"title":"Informaci\u00f3 institucional i organitzativa","description":"Accedeix a tota l'informaci\u00f3 organitzativa de la nostra fundaci\u00f3: estructura de l\u2019entitat com a grup de societats i la normativa externa. Informa't aqu\u00ed!","robots":{"index":"index","follow":"follow","max-snippet":"max-snippet:-1","max-image-preview":"max-image-preview:large","max-video-preview":"max-video-preview:-1"},"canonical":"https:\/\/ampans.cat\/es\/transparencia\/informacion-organizativa\/","og_locale":"es_ES","og_type":"article","og_title":"Informaci\u00f3 institucional i organitzativa","og_description":"Accedeix a tota l'informaci\u00f3 organitzativa de la nostra fundaci\u00f3: estructura de l\u2019entitat com a grup de societats i la normativa externa. Informa't aqu\u00ed!","og_url":"https:\/\/ampans.cat\/es\/transparencia\/informacion-organizativa\/","og_site_name":"AMPANS","article_modified_time":"2025-04-14T10:41:16+00:00","twitter_card":"summary_large_image","schema":{"@context":"https:\/\/schema.org","@graph":[{"@type":"WebPage","@id":"https:\/\/ampans.cat\/es\/transparencia\/informacion-organizativa\/","url":"https:\/\/ampans.cat\/es\/transparencia\/informacion-organizativa\/","name":"Informaci\u00f3 institucional i organitzativa","isPartOf":{"@id":"https:\/\/ampans.cat\/es\/#website"},"datePublished":"2022-03-16T05:41:26+00:00","dateModified":"2025-04-14T10:41:16+00:00","description":"Accedeix a tota l'informaci\u00f3 organitzativa de la nostra fundaci\u00f3: estructura de l\u2019entitat com a grup de societats i la normativa externa. Informa't aqu\u00ed!","breadcrumb":{"@id":"https:\/\/ampans.cat\/es\/transparencia\/informacion-organizativa\/#breadcrumb"},"inLanguage":"es","potentialAction":[{"@type":"ReadAction","target":["https:\/\/ampans.cat\/es\/transparencia\/informacion-organizativa\/"]}]},{"@type":"BreadcrumbList","@id":"https:\/\/ampans.cat\/es\/transparencia\/informacion-organizativa\/#breadcrumb","itemListElement":[{"@type":"ListItem","position":1,"name":"Home","item":"https:\/\/ampans.cat\/es\/"},{"@type":"ListItem","position":2,"name":"Transparencia","item":"https:\/\/ampans.cat\/es\/transparencia\/"},{"@type":"ListItem","position":3,"name":"Informaci\u00f3n organizativa"}]},{"@type":"WebSite","@id":"https:\/\/ampans.cat\/es\/#website","url":"https:\/\/ampans.cat\/es\/","name":"AMPANS","description":"","publisher":{"@id":"https:\/\/ampans.cat\/es\/#organization"},"potentialAction":[{"@type":"SearchAction","target":{"@type":"EntryPoint","urlTemplate":"https:\/\/ampans.cat\/es\/?s={search_term_string}"},"query-input":{"@type":"PropertyValueSpecification","valueRequired":true,"valueName":"search_term_string"}}],"inLanguage":"es"},{"@type":"Organization","@id":"https:\/\/ampans.cat\/es\/#organization","name":"AMPANS","url":"https:\/\/ampans.cat\/es\/","logo":{"@type":"ImageObject","inLanguage":"es","@id":"https:\/\/ampans.cat\/es\/#\/schema\/logo\/image\/","url":"https:\/\/ampans.cat\/wp-content\/uploads\/2022\/06\/animat-ampans-big.gif","contentUrl":"https:\/\/ampans.cat\/wp-content\/uploads\/2022\/06\/animat-ampans-big.gif","width":1200,"height":312,"caption":"AMPANS"},"image":{"@id":"https:\/\/ampans.cat\/es\/#\/schema\/logo\/image\/"}}]}},"_links":{"self":[{"href":"https:\/\/ampans.cat\/es\/wp-json\/wp\/v2\/pages\/2793","targetHints":{"allow":["GET"]}}],"collection":[{"href":"https:\/\/ampans.cat\/es\/wp-json\/wp\/v2\/pages"}],"about":[{"href":"https:\/\/ampans.cat\/es\/wp-json\/wp\/v2\/types\/page"}],"author":[{"embeddable":true,"href":"https:\/\/ampans.cat\/es\/wp-json\/wp\/v2\/users\/16"}],"replies":[{"embeddable":true,"href":"https:\/\/ampans.cat\/es\/wp-json\/wp\/v2\/comments?post=2793"}],"version-history":[{"count":11,"href":"https:\/\/ampans.cat\/es\/wp-json\/wp\/v2\/pages\/2793\/revisions"}],"predecessor-version":[{"id":42876,"href":"https:\/\/ampans.cat\/es\/wp-json\/wp\/v2\/pages\/2793\/revisions\/42876"}],"up":[{"embeddable":true,"href":"https:\/\/ampans.cat\/es\/wp-json\/wp\/v2\/pages\/7454"}],"wp:attachment":[{"href":"https:\/\/ampans.cat\/es\/wp-json\/wp\/v2\/media?parent=2793"}],"wp:term":[{"taxonomy":"tipus_de_pagina","embeddable":true,"href":"https:\/\/ampans.cat\/es\/wp-json\/wp\/v2\/tipus_de_pagina?post=2793"},{"taxonomy":"ambits_principals","embeddable":true,"href":"https:\/\/ampans.cat\/es\/wp-json\/wp\/v2\/ambits_principals?post=2793"},{"taxonomy":"edat","embeddable":true,"href":"https:\/\/ampans.cat\/es\/wp-json\/wp\/v2\/edat?post=2793"},{"taxonomy":"situacio_laboral","embeddable":true,"href":"https:\/\/ampans.cat\/es\/wp-json\/wp\/v2\/situacio_laboral?post=2793"},{"taxonomy":"tipus_formacio","embeddable":true,"href":"https:\/\/ampans.cat\/es\/wp-json\/wp\/v2\/tipus_formacio?post=2793"},{"taxonomy":"itineraris","embeddable":true,"href":"https:\/\/ampans.cat\/es\/wp-json\/wp\/v2\/itineraris?post=2793"}],"curies":[{"name":"wp","href":"https:\/\/api.w.org\/{rel}","templated":true}]}}

Información organizativa

<!-- This site is optimized with the Yoast SEO plugin v27.4 - https://yoast.com/product/yoast-seo-wordpress/ -->
<title>Informació institucional i organitzativa</title>
<meta name="description" content="Accedeix a tota l&#039;informació organitzativa de la nostra fundació: estructura de l’entitat com a grup de societats i la normativa externa. Informa&#039;t aquí!" />
<meta name="robots" content="index, follow, max-snippet:-1, max-image-preview:large, max-video-preview:-1" />
<link rel="canonical" href="https://ampans.cat/es/transparencia/informacion-organizativa/" />
<meta property="og:locale" content="es_ES" />
<meta property="og:type" content="article" />
<meta property="og:title" content="Informació institucional i organitzativa" />
<meta property="og:description" content="Accedeix a tota l&#039;informació organitzativa de la nostra fundació: estructura de l’entitat com a grup de societats i la normativa externa. Informa&#039;t aquí!" />
<meta property="og:url" content="https://ampans.cat/es/transparencia/informacion-organizativa/" />
<meta property="og:site_name" content="AMPANS" />
<meta property="article:modified_time" content="2025-04-14T10:41:16+00:00" />
<meta name="twitter:card" content="summary_large_image" />
<script type="application/ld+json" class="yoast-schema-graph">{"@context":"https:\/\/schema.org","@graph":[{"@type":"WebPage","@id":"https:\/\/ampans.cat\/es\/transparencia\/informacion-organizativa\/","url":"https:\/\/ampans.cat\/es\/transparencia\/informacion-organizativa\/","name":"Informació institucional i organitzativa","isPartOf":{"@id":"https:\/\/ampans.cat\/es\/#website"},"datePublished":"2022-03-16T05:41:26+00:00","dateModified":"2025-04-14T10:41:16+00:00","description":"Accedeix a tota l'informació organitzativa de la nostra fundació: estructura de l’entitat com a grup de societats i la normativa externa. Informa't aquí!","breadcrumb":{"@id":"https:\/\/ampans.cat\/es\/transparencia\/informacion-organizativa\/#breadcrumb"},"inLanguage":"es","potentialAction":[{"@type":"ReadAction","target":["https:\/\/ampans.cat\/es\/transparencia\/informacion-organizativa\/"]}]},{"@type":"BreadcrumbList","@id":"https:\/\/ampans.cat\/es\/transparencia\/informacion-organizativa\/#breadcrumb","itemListElement":[{"@type":"ListItem","position":1,"name":"Home","item":"https:\/\/ampans.cat\/es\/"},{"@type":"ListItem","position":2,"name":"Transparencia","item":"https:\/\/ampans.cat\/es\/transparencia\/"},{"@type":"ListItem","position":3,"name":"Información organizativa"}]},{"@type":"WebSite","@id":"https:\/\/ampans.cat\/es\/#website","url":"https:\/\/ampans.cat\/es\/","name":"AMPANS","description":"","publisher":{"@id":"https:\/\/ampans.cat\/es\/#organization"},"potentialAction":[{"@type":"SearchAction","target":{"@type":"EntryPoint","urlTemplate":"https:\/\/ampans.cat\/es\/?s={search_term_string}"},"query-input":{"@type":"PropertyValueSpecification","valueRequired":true,"valueName":"search_term_string"}}],"inLanguage":"es"},{"@type":"Organization","@id":"https:\/\/ampans.cat\/es\/#organization","name":"AMPANS","url":"https:\/\/ampans.cat\/es\/","logo":{"@type":"ImageObject","inLanguage":"es","@id":"https:\/\/ampans.cat\/es\/#\/schema\/logo\/image\/","url":"https:\/\/ampans.cat\/wp-content\/uploads\/2022\/06\/animat-ampans-big.gif","contentUrl":"https:\/\/ampans.cat\/wp-content\/uploads\/2022\/06\/animat-ampans-big.gif","width":1200,"height":312,"caption":"AMPANS"},"image":{"@id":"https:\/\/ampans.cat\/es\/#\/schema\/logo\/image\/"}}]}</script>
<!-- / Yoast SEO plugin. -->

Informació institucional i organitzativa

Accedeix a tota l'informació organitzativa de la nostra fundació: estructura de l’entitat com a grup de societats i la normativa externa. Informa't aquí!
