{"id":19529,"date":"2023-09-20T14:32:13","date_gmt":"2023-09-20T12:32:13","guid":{"rendered":"https:\/\/ampans.cat\/?page_id=19529"},"modified":"2025-06-10T11:28:55","modified_gmt":"2025-06-10T09:28:55","slug":"ocell-de-foc","status":"publish","type":"page","link":"https:\/\/ampans.cat\/es\/orientacion-formacion-empleo\/orientacion-laboral\/ocell-de-foc\/","title":{"rendered":"Ocell de foc"},"content":{"rendered":"","protected":false},"excerpt":{"rendered":"","protected":false},"author":13,"featured_media":19541,"parent":5493,"menu_order":0,"comment_status":"closed","ping_status":"closed","template":"template\/d-suports-sub-page.php","meta":{"_acf_changed":false,"inline_featured_image":false,"footnotes":""},"tipus_de_pagina":[],"ambits_principals":[131],"edat":[],"situacio_laboral":[],"tipus_formacio":[],"itineraris":[],"class_list":["post-19529","page","type-page","status-publish","has-post-thumbnail","hentry","ambits_principals-suport-i-acompanyament-es"],"acf":[],"yoast_head":"<!-- This site is optimized with the Yoast SEO plugin v27.4 - https:\/\/yoast.com\/product\/yoast-seo-wordpress\/ -->\n<title>Programa Ocell de Foc<\/title>\n<meta name=\"description\" content=\"Programa de atenci\u00f3n integral para j\u00f3venes, especialmente con problem\u00e1tica de salud mental.\" \/>\n<meta name=\"robots\" content=\"index, follow, max-snippet:-1, max-image-preview:large, max-video-preview:-1\" \/>\n<link rel=\"canonical\" href=\"https:\/\/ampans.cat\/es\/orientacion-formacion-empleo\/orientacion-laboral\/ocell-de-foc\/\" \/>\n<meta property=\"og:locale\" content=\"es_ES\" \/>\n<meta property=\"og:type\" content=\"article\" \/>\n<meta property=\"og:title\" content=\"Programa Ocell de Foc\" \/>\n<meta property=\"og:description\" content=\"Programa de atenci\u00f3n integral para j\u00f3venes, especialmente con problem\u00e1tica de salud mental.\" \/>\n<meta property=\"og:url\" content=\"https:\/\/ampans.cat\/es\/orientacion-formacion-empleo\/orientacion-laboral\/ocell-de-foc\/\" \/>\n<meta property=\"og:site_name\" content=\"AMPANS\" \/>\n<meta property=\"article:modified_time\" content=\"2025-06-10T09:28:55+00:00\" \/>\n<meta property=\"og:image\" content=\"https:\/\/ampans.cat\/wp-content\/uploads\/2023\/09\/ocell-de-foc-1.jpg\" \/>\n\t<meta property=\"og:image:width\" content=\"2048\" \/>\n\t<meta property=\"og:image:height\" content=\"966\" \/>\n\t<meta property=\"og:image:type\" content=\"image\/jpeg\" \/>\n<meta name=\"twitter:card\" content=\"summary_large_image\" \/>\n<meta name=\"twitter:label1\" content=\"Tiempo de lectura\" \/>\n\t<meta name=\"twitter:data1\" content=\"1 minuto\" \/>\n<script type=\"application\/ld+json\" class=\"yoast-schema-graph\">{\"@context\":\"https:\\\/\\\/schema.org\",\"@graph\":[{\"@type\":\"WebPage\",\"@id\":\"https:\\\/\\\/ampans.cat\\\/es\\\/orientacion-formacion-empleo\\\/orientacion-laboral\\\/ocell-de-foc\\\/\",\"url\":\"https:\\\/\\\/ampans.cat\\\/es\\\/orientacion-formacion-empleo\\\/orientacion-laboral\\\/ocell-de-foc\\\/\",\"name\":\"Programa Ocell de Foc\",\"isPartOf\":{\"@id\":\"https:\\\/\\\/ampans.cat\\\/es\\\/#website\"},\"primaryImageOfPage\":{\"@id\":\"https:\\\/\\\/ampans.cat\\\/es\\\/orientacion-formacion-empleo\\\/orientacion-laboral\\\/ocell-de-foc\\\/#primaryimage\"},\"image\":{\"@id\":\"https:\\\/\\\/ampans.cat\\\/es\\\/orientacion-formacion-empleo\\\/orientacion-laboral\\\/ocell-de-foc\\\/#primaryimage\"},\"thumbnailUrl\":\"https:\\\/\\\/ampans.cat\\\/wp-content\\\/uploads\\\/2023\\\/09\\\/ocell-de-foc-1.jpg\",\"datePublished\":\"2023-09-20T12:32:13+00:00\",\"dateModified\":\"2025-06-10T09:28:55+00:00\",\"description\":\"Programa de atenci\u00f3n integral para j\u00f3venes, especialmente con problem\u00e1tica de salud mental.\",\"breadcrumb\":{\"@id\":\"https:\\\/\\\/ampans.cat\\\/es\\\/orientacion-formacion-empleo\\\/orientacion-laboral\\\/ocell-de-foc\\\/#breadcrumb\"},\"inLanguage\":\"es\",\"potentialAction\":[{\"@type\":\"ReadAction\",\"target\":[\"https:\\\/\\\/ampans.cat\\\/es\\\/orientacion-formacion-empleo\\\/orientacion-laboral\\\/ocell-de-foc\\\/\"]}]},{\"@type\":\"ImageObject\",\"inLanguage\":\"es\",\"@id\":\"https:\\\/\\\/ampans.cat\\\/es\\\/orientacion-formacion-empleo\\\/orientacion-laboral\\\/ocell-de-foc\\\/#primaryimage\",\"url\":\"https:\\\/\\\/ampans.cat\\\/wp-content\\\/uploads\\\/2023\\\/09\\\/ocell-de-foc-1.jpg\",\"contentUrl\":\"https:\\\/\\\/ampans.cat\\\/wp-content\\\/uploads\\\/2023\\\/09\\\/ocell-de-foc-1.jpg\",\"width\":2048,\"height\":966},{\"@type\":\"BreadcrumbList\",\"@id\":\"https:\\\/\\\/ampans.cat\\\/es\\\/orientacion-formacion-empleo\\\/orientacion-laboral\\\/ocell-de-foc\\\/#breadcrumb\",\"itemListElement\":[{\"@type\":\"ListItem\",\"position\":1,\"name\":\"Home\",\"item\":\"https:\\\/\\\/ampans.cat\\\/es\\\/\"},{\"@type\":\"ListItem\",\"position\":2,\"name\":\"Orientaci\u00f3n, formaci\u00f3n y trabajo\",\"item\":\"https:\\\/\\\/ampans.cat\\\/es\\\/orientacion-formacion-empleo\\\/\"},{\"@type\":\"ListItem\",\"position\":3,\"name\":\"Orientaci\u00f3n laboral\",\"item\":\"https:\\\/\\\/ampans.cat\\\/es\\\/orientacion-formacion-empleo\\\/orientacion-laboral\\\/\"},{\"@type\":\"ListItem\",\"position\":4,\"name\":\"Ocell de foc\"}]},{\"@type\":\"WebSite\",\"@id\":\"https:\\\/\\\/ampans.cat\\\/es\\\/#website\",\"url\":\"https:\\\/\\\/ampans.cat\\\/es\\\/\",\"name\":\"AMPANS\",\"description\":\"\",\"publisher\":{\"@id\":\"https:\\\/\\\/ampans.cat\\\/es\\\/#organization\"},\"potentialAction\":[{\"@type\":\"SearchAction\",\"target\":{\"@type\":\"EntryPoint\",\"urlTemplate\":\"https:\\\/\\\/ampans.cat\\\/es\\\/?s={search_term_string}\"},\"query-input\":{\"@type\":\"PropertyValueSpecification\",\"valueRequired\":true,\"valueName\":\"search_term_string\"}}],\"inLanguage\":\"es\"},{\"@type\":\"Organization\",\"@id\":\"https:\\\/\\\/ampans.cat\\\/es\\\/#organization\",\"name\":\"AMPANS\",\"url\":\"https:\\\/\\\/ampans.cat\\\/es\\\/\",\"logo\":{\"@type\":\"ImageObject\",\"inLanguage\":\"es\",\"@id\":\"https:\\\/\\\/ampans.cat\\\/es\\\/#\\\/schema\\\/logo\\\/image\\\/\",\"url\":\"https:\\\/\\\/ampans.cat\\\/wp-content\\\/uploads\\\/2022\\\/06\\\/animat-ampans-big.gif\",\"contentUrl\":\"https:\\\/\\\/ampans.cat\\\/wp-content\\\/uploads\\\/2022\\\/06\\\/animat-ampans-big.gif\",\"width\":1200,\"height\":312,\"caption\":\"AMPANS\"},\"image\":{\"@id\":\"https:\\\/\\\/ampans.cat\\\/es\\\/#\\\/schema\\\/logo\\\/image\\\/\"}}]}<\/script>\n<!-- \/ Yoast SEO plugin. -->","yoast_head_json":{"title":"Programa Ocell de Foc","description":"Programa de atenci\u00f3n integral para j\u00f3venes, especialmente con problem\u00e1tica de salud mental.","robots":{"index":"index","follow":"follow","max-snippet":"max-snippet:-1","max-image-preview":"max-image-preview:large","max-video-preview":"max-video-preview:-1"},"canonical":"https:\/\/ampans.cat\/es\/orientacion-formacion-empleo\/orientacion-laboral\/ocell-de-foc\/","og_locale":"es_ES","og_type":"article","og_title":"Programa Ocell de Foc","og_description":"Programa de atenci\u00f3n integral para j\u00f3venes, especialmente con problem\u00e1tica de salud mental.","og_url":"https:\/\/ampans.cat\/es\/orientacion-formacion-empleo\/orientacion-laboral\/ocell-de-foc\/","og_site_name":"AMPANS","article_modified_time":"2025-06-10T09:28:55+00:00","og_image":[{"width":2048,"height":966,"url":"https:\/\/ampans.cat\/wp-content\/uploads\/2023\/09\/ocell-de-foc-1.jpg","type":"image\/jpeg"}],"twitter_card":"summary_large_image","twitter_misc":{"Tiempo de lectura":"1 minuto"},"schema":{"@context":"https:\/\/schema.org","@graph":[{"@type":"WebPage","@id":"https:\/\/ampans.cat\/es\/orientacion-formacion-empleo\/orientacion-laboral\/ocell-de-foc\/","url":"https:\/\/ampans.cat\/es\/orientacion-formacion-empleo\/orientacion-laboral\/ocell-de-foc\/","name":"Programa Ocell de Foc","isPartOf":{"@id":"https:\/\/ampans.cat\/es\/#website"},"primaryImageOfPage":{"@id":"https:\/\/ampans.cat\/es\/orientacion-formacion-empleo\/orientacion-laboral\/ocell-de-foc\/#primaryimage"},"image":{"@id":"https:\/\/ampans.cat\/es\/orientacion-formacion-empleo\/orientacion-laboral\/ocell-de-foc\/#primaryimage"},"thumbnailUrl":"https:\/\/ampans.cat\/wp-content\/uploads\/2023\/09\/ocell-de-foc-1.jpg","datePublished":"2023-09-20T12:32:13+00:00","dateModified":"2025-06-10T09:28:55+00:00","description":"Programa de atenci\u00f3n integral para j\u00f3venes, especialmente con problem\u00e1tica de salud mental.","breadcrumb":{"@id":"https:\/\/ampans.cat\/es\/orientacion-formacion-empleo\/orientacion-laboral\/ocell-de-foc\/#breadcrumb"},"inLanguage":"es","potentialAction":[{"@type":"ReadAction","target":["https:\/\/ampans.cat\/es\/orientacion-formacion-empleo\/orientacion-laboral\/ocell-de-foc\/"]}]},{"@type":"ImageObject","inLanguage":"es","@id":"https:\/\/ampans.cat\/es\/orientacion-formacion-empleo\/orientacion-laboral\/ocell-de-foc\/#primaryimage","url":"https:\/\/ampans.cat\/wp-content\/uploads\/2023\/09\/ocell-de-foc-1.jpg","contentUrl":"https:\/\/ampans.cat\/wp-content\/uploads\/2023\/09\/ocell-de-foc-1.jpg","width":2048,"height":966},{"@type":"BreadcrumbList","@id":"https:\/\/ampans.cat\/es\/orientacion-formacion-empleo\/orientacion-laboral\/ocell-de-foc\/#breadcrumb","itemListElement":[{"@type":"ListItem","position":1,"name":"Home","item":"https:\/\/ampans.cat\/es\/"},{"@type":"ListItem","position":2,"name":"Orientaci\u00f3n, formaci\u00f3n y trabajo","item":"https:\/\/ampans.cat\/es\/orientacion-formacion-empleo\/"},{"@type":"ListItem","position":3,"name":"Orientaci\u00f3n laboral","item":"https:\/\/ampans.cat\/es\/orientacion-formacion-empleo\/orientacion-laboral\/"},{"@type":"ListItem","position":4,"name":"Ocell de foc"}]},{"@type":"WebSite","@id":"https:\/\/ampans.cat\/es\/#website","url":"https:\/\/ampans.cat\/es\/","name":"AMPANS","description":"","publisher":{"@id":"https:\/\/ampans.cat\/es\/#organization"},"potentialAction":[{"@type":"SearchAction","target":{"@type":"EntryPoint","urlTemplate":"https:\/\/ampans.cat\/es\/?s={search_term_string}"},"query-input":{"@type":"PropertyValueSpecification","valueRequired":true,"valueName":"search_term_string"}}],"inLanguage":"es"},{"@type":"Organization","@id":"https:\/\/ampans.cat\/es\/#organization","name":"AMPANS","url":"https:\/\/ampans.cat\/es\/","logo":{"@type":"ImageObject","inLanguage":"es","@id":"https:\/\/ampans.cat\/es\/#\/schema\/logo\/image\/","url":"https:\/\/ampans.cat\/wp-content\/uploads\/2022\/06\/animat-ampans-big.gif","contentUrl":"https:\/\/ampans.cat\/wp-content\/uploads\/2022\/06\/animat-ampans-big.gif","width":1200,"height":312,"caption":"AMPANS"},"image":{"@id":"https:\/\/ampans.cat\/es\/#\/schema\/logo\/image\/"}}]}},"_links":{"self":[{"href":"https:\/\/ampans.cat\/es\/wp-json\/wp\/v2\/pages\/19529","targetHints":{"allow":["GET"]}}],"collection":[{"href":"https:\/\/ampans.cat\/es\/wp-json\/wp\/v2\/pages"}],"about":[{"href":"https:\/\/ampans.cat\/es\/wp-json\/wp\/v2\/types\/page"}],"author":[{"embeddable":true,"href":"https:\/\/ampans.cat\/es\/wp-json\/wp\/v2\/users\/13"}],"replies":[{"embeddable":true,"href":"https:\/\/ampans.cat\/es\/wp-json\/wp\/v2\/comments?post=19529"}],"version-history":[{"count":10,"href":"https:\/\/ampans.cat\/es\/wp-json\/wp\/v2\/pages\/19529\/revisions"}],"predecessor-version":[{"id":43995,"href":"https:\/\/ampans.cat\/es\/wp-json\/wp\/v2\/pages\/19529\/revisions\/43995"}],"up":[{"embeddable":true,"href":"https:\/\/ampans.cat\/es\/wp-json\/wp\/v2\/pages\/5493"}],"wp:featuredmedia":[{"embeddable":true,"href":"https:\/\/ampans.cat\/es\/wp-json\/wp\/v2\/media\/19541"}],"wp:attachment":[{"href":"https:\/\/ampans.cat\/es\/wp-json\/wp\/v2\/media?parent=19529"}],"wp:term":[{"taxonomy":"tipus_de_pagina","embeddable":true,"href":"https:\/\/ampans.cat\/es\/wp-json\/wp\/v2\/tipus_de_pagina?post=19529"},{"taxonomy":"ambits_principals","embeddable":true,"href":"https:\/\/ampans.cat\/es\/wp-json\/wp\/v2\/ambits_principals?post=19529"},{"taxonomy":"edat","embeddable":true,"href":"https:\/\/ampans.cat\/es\/wp-json\/wp\/v2\/edat?post=19529"},{"taxonomy":"situacio_laboral","embeddable":true,"href":"https:\/\/ampans.cat\/es\/wp-json\/wp\/v2\/situacio_laboral?post=19529"},{"taxonomy":"tipus_formacio","embeddable":true,"href":"https:\/\/ampans.cat\/es\/wp-json\/wp\/v2\/tipus_formacio?post=19529"},{"taxonomy":"itineraris","embeddable":true,"href":"https:\/\/ampans.cat\/es\/wp-json\/wp\/v2\/itineraris?post=19529"}],"curies":[{"name":"wp","href":"https:\/\/api.w.org\/{rel}","templated":true}]}}

<!-- This site is optimized with the Yoast SEO plugin v27.4 - https://yoast.com/product/yoast-seo-wordpress/ -->
<title>Programa Ocell de Foc</title>
<meta name="description" content="Programa de atención integral para jóvenes, especialmente con problemática de salud mental." />
<meta name="robots" content="index, follow, max-snippet:-1, max-image-preview:large, max-video-preview:-1" />
<link rel="canonical" href="https://ampans.cat/es/orientacion-formacion-empleo/orientacion-laboral/ocell-de-foc/" />
<meta property="og:locale" content="es_ES" />
<meta property="og:type" content="article" />
<meta property="og:title" content="Programa Ocell de Foc" />
<meta property="og:description" content="Programa de atención integral para jóvenes, especialmente con problemática de salud mental." />
<meta property="og:url" content="https://ampans.cat/es/orientacion-formacion-empleo/orientacion-laboral/ocell-de-foc/" />
<meta property="og:site_name" content="AMPANS" />
<meta property="article:modified_time" content="2025-06-10T09:28:55+00:00" />
<meta property="og:image" content="https://ampans.cat/wp-content/uploads/2023/09/ocell-de-foc-1.jpg" />
	<meta property="og:image:width" content="2048" />
	<meta property="og:image:height" content="966" />
	<meta property="og:image:type" content="image/jpeg" />
<meta name="twitter:card" content="summary_large_image" />
<meta name="twitter:label1" content="Tiempo de lectura" />
	<meta name="twitter:data1" content="1 minuto" />
<script type="application/ld+json" class="yoast-schema-graph">{"@context":"https:\/\/schema.org","@graph":[{"@type":"WebPage","@id":"https:\/\/ampans.cat\/es\/orientacion-formacion-empleo\/orientacion-laboral\/ocell-de-foc\/","url":"https:\/\/ampans.cat\/es\/orientacion-formacion-empleo\/orientacion-laboral\/ocell-de-foc\/","name":"Programa Ocell de Foc","isPartOf":{"@id":"https:\/\/ampans.cat\/es\/#website"},"primaryImageOfPage":{"@id":"https:\/\/ampans.cat\/es\/orientacion-formacion-empleo\/orientacion-laboral\/ocell-de-foc\/#primaryimage"},"image":{"@id":"https:\/\/ampans.cat\/es\/orientacion-formacion-empleo\/orientacion-laboral\/ocell-de-foc\/#primaryimage"},"thumbnailUrl":"https:\/\/ampans.cat\/wp-content\/uploads\/2023\/09\/ocell-de-foc-1.jpg","datePublished":"2023-09-20T12:32:13+00:00","dateModified":"2025-06-10T09:28:55+00:00","description":"Programa de atención integral para jóvenes, especialmente con problemática de salud mental.","breadcrumb":{"@id":"https:\/\/ampans.cat\/es\/orientacion-formacion-empleo\/orientacion-laboral\/ocell-de-foc\/#breadcrumb"},"inLanguage":"es","potentialAction":[{"@type":"ReadAction","target":["https:\/\/ampans.cat\/es\/orientacion-formacion-empleo\/orientacion-laboral\/ocell-de-foc\/"]}]},{"@type":"ImageObject","inLanguage":"es","@id":"https:\/\/ampans.cat\/es\/orientacion-formacion-empleo\/orientacion-laboral\/ocell-de-foc\/#primaryimage","url":"https:\/\/ampans.cat\/wp-content\/uploads\/2023\/09\/ocell-de-foc-1.jpg","contentUrl":"https:\/\/ampans.cat\/wp-content\/uploads\/2023\/09\/ocell-de-foc-1.jpg","width":2048,"height":966},{"@type":"BreadcrumbList","@id":"https:\/\/ampans.cat\/es\/orientacion-formacion-empleo\/orientacion-laboral\/ocell-de-foc\/#breadcrumb","itemListElement":[{"@type":"ListItem","position":1,"name":"Home","item":"https:\/\/ampans.cat\/es\/"},{"@type":"ListItem","position":2,"name":"Orientación, formación y trabajo","item":"https:\/\/ampans.cat\/es\/orientacion-formacion-empleo\/"},{"@type":"ListItem","position":3,"name":"Orientación laboral","item":"https:\/\/ampans.cat\/es\/orientacion-formacion-empleo\/orientacion-laboral\/"},{"@type":"ListItem","position":4,"name":"Ocell de foc"}]},{"@type":"WebSite","@id":"https:\/\/ampans.cat\/es\/#website","url":"https:\/\/ampans.cat\/es\/","name":"AMPANS","description":"","publisher":{"@id":"https:\/\/ampans.cat\/es\/#organization"},"potentialAction":[{"@type":"SearchAction","target":{"@type":"EntryPoint","urlTemplate":"https:\/\/ampans.cat\/es\/?s={search_term_string}"},"query-input":{"@type":"PropertyValueSpecification","valueRequired":true,"valueName":"search_term_string"}}],"inLanguage":"es"},{"@type":"Organization","@id":"https:\/\/ampans.cat\/es\/#organization","name":"AMPANS","url":"https:\/\/ampans.cat\/es\/","logo":{"@type":"ImageObject","inLanguage":"es","@id":"https:\/\/ampans.cat\/es\/#\/schema\/logo\/image\/","url":"https:\/\/ampans.cat\/wp-content\/uploads\/2022\/06\/animat-ampans-big.gif","contentUrl":"https:\/\/ampans.cat\/wp-content\/uploads\/2022\/06\/animat-ampans-big.gif","width":1200,"height":312,"caption":"AMPANS"},"image":{"@id":"https:\/\/ampans.cat\/es\/#\/schema\/logo\/image\/"}}]}</script>
<!-- / Yoast SEO plugin. -->

Programa de atención integral para jóvenes, especialmente con problemática de salud mental.

Orientación, formación y trabajo

Orientación laboral
